{"id":9885,"date":"2018-11-13T11:15:20","date_gmt":"2018-11-13T11:15:20","guid":{"rendered":"https:\/\/www.biocabaz.pt\/web\/?post_type=product&#038;p=9885"},"modified":"2025-06-11T13:52:07","modified_gmt":"2025-06-11T13:52:07","slug":"cereais-bolinhas-de-choco-bio-250g","status":"publish","type":"product","link":"https:\/\/www.biocabaz.pt\/web\/produto\/cereais-bolinhas-de-choco-bio-250g\/","title":{"rendered":"Crosti Bolinhas Chocolate Sem Gl\u00faten"},"content":{"rendered":"<h5>Ingredientes:<\/h5>\n<div class=\"more\">milho* 72,9%, a\u00e7\u00facar de cana*# n\u00e3o refinado, cacau*# em p\u00f3, chocolate*# 2,5% (pasta de cacau*#, a\u00e7\u00facar de cana*#, manteiga de cacau*#), sal marinho, baunilha*# de Madag\u00e1scar. *de agricultura biol\u00f3gica.<\/p>\n<p><b>#:<\/b>\u00a0ingredientes provenientes de com\u00e9rcio justo.<\/div>\n<div><\/div>\n<div>\n<table>\n<tbody>\n<tr>\n<td><b>Declara\u00e7\u00e3o nutricional por: 100G<\/b><\/td>\n<td><\/td>\n<\/tr>\n<tr>\n<td><b>Energia<\/b><\/td>\n<td>1632kJ\/386kcal<\/td>\n<\/tr>\n<tr>\n<td><b>L\u00edpidos<\/b><\/td>\n<td>3,4g<\/td>\n<\/tr>\n<tr>\n<td><b>dos quais saturados<\/b><\/td>\n<td>2g<\/td>\n<\/tr>\n<tr>\n<td><b>Hidratos de carbono<\/b><\/td>\n<td>84g<\/td>\n<\/tr>\n<tr>\n<td><b>dos quais a\u00e7\u00facares<\/b><\/td>\n<td>18g<\/td>\n<\/tr>\n<tr>\n<td><b>Fibra<\/b><\/td>\n<td>5,1g<\/td>\n<\/tr>\n<tr>\n<td><b>Prote\u00ednas<\/b><\/td>\n<td>7g<\/td>\n<\/tr>\n<tr>\n<td><b>Sal<\/b><\/td>\n<td>0,15g<\/td>\n<\/tr>\n<tr>\n<td><b>Magn\u00e9sio<\/b><\/td>\n<td>65,1mg (17%*)<\/td>\n<\/tr>\n<tr>\n<td><b>*VRN &#8211; Valor de Refer\u00eancia do Nutriente<\/b><\/td>\n<td><\/td>\n<\/tr>\n<\/tbody>\n<\/table>\n<\/div>\n","protected":false},"excerpt":{"rendered":"<p>Ingredientes: milho* 72,9%, a\u00e7\u00facar de cana*# n\u00e3o refinado, cacau*# em p\u00f3, chocolate*# 2,5% (pasta de cacau*#, a\u00e7\u00facar de cana*#, manteiga de cacau*#), sal marinho, baunilha*# de Madag\u00e1scar. *de agricultura biol\u00f3gica. #:\u00a0ingredientes provenientes de com\u00e9rcio justo. Declara\u00e7\u00e3o nutricional por: 100G Energia 1632kJ\/386kcal L\u00edpidos 3,4g dos quais saturados 2g Hidratos de carbono 84g dos quais a\u00e7\u00facares 18g [&hellip;]<\/p>\n","protected":false},"featured_media":122862,"comment_status":"closed","ping_status":"closed","template":"","meta":[],"product_cat":[54,33],"product_tag":[],"class_list":["post-9885","product","type-product","status-publish","has-post-thumbnail","hentry","product_cat-alimentos-sem-gluten","product_cat-cereais"],"bundle_layout":"","bundled_by":[],"bundled_items":[],"yoast_head":"<!-- This site is optimized with the Yoast SEO plugin v26.3 - https:\/\/yoast.com\/wordpress\/plugins\/seo\/ -->\n<title>Crosti Bolinhas Chocolate Sem Gl\u00faten<\/title>\n<meta name=\"description\" content=\"CEREAIS BOLINHAS DE CHOCO BIO 250G\" \/>\n<meta name=\"robots\" content=\"index, follow, max-snippet:-1, max-image-preview:large, max-video-preview:-1\" \/>\n<link rel=\"canonical\" href=\"https:\/\/biocabaz.pt\/web\/produto\/cereais-bolinhas-de-choco-bio-250g\/\" \/>\n<meta property=\"og:locale\" content=\"pt_PT\" \/>\n<meta property=\"og:locale:alternate\" content=\"en_US\" \/>\n<meta property=\"og:type\" content=\"article\" \/>\n<meta property=\"og:title\" content=\"Crosti Bolinhas Chocolate Sem Gl\u00faten\" \/>\n<meta property=\"og:description\" content=\"CEREAIS BOLINHAS DE CHOCO BIO 250G\" \/>\n<meta property=\"og:url\" content=\"https:\/\/www.biocabaz.pt\/web\/produto\/cereais-bolinhas-de-choco-bio-250g\/\" \/>\n<meta property=\"og:site_name\" content=\"BIOCABAZ - CABAZES BIOL\u00d3GICOS\" \/>\n<meta property=\"article:modified_time\" content=\"2025-06-11T13:52:07+00:00\" \/>\n<meta property=\"og:image\" content=\"https:\/\/www.biocabaz.pt\/web\/wp-conteudos\/uploads\/2018\/11\/crosti-bolinhas-chocolate-sem-gluten.png\" \/>\n\t<meta property=\"og:image:width\" content=\"705\" \/>\n\t<meta property=\"og:image:height\" content=\"850\" \/>\n\t<meta property=\"og:image:type\" content=\"image\/png\" \/>\n<meta name=\"twitter:card\" content=\"summary_large_image\" \/>\n<meta name=\"twitter:label1\" content=\"Est. reading time\" \/>\n\t<meta name=\"twitter:data1\" content=\"1 minuto\" \/>\n<script type=\"application\/ld+json\" class=\"yoast-schema-graph\">{\"@context\":\"https:\/\/schema.org\",\"@graph\":[{\"@type\":\"WebPage\",\"@id\":\"https:\/\/biocabaz.pt\/web\/produto\/cereais-bolinhas-de-choco-bio-250g\/\",\"url\":\"https:\/\/biocabaz.pt\/web\/produto\/cereais-bolinhas-de-choco-bio-250g\/\",\"name\":\"Crosti Bolinhas Chocolate Sem Gl\u00faten\",\"isPartOf\":{\"@id\":\"https:\/\/www.biocabaz.pt\/web\/en\/#website\"},\"primaryImageOfPage\":{\"@id\":\"https:\/\/biocabaz.pt\/web\/produto\/cereais-bolinhas-de-choco-bio-250g\/#primaryimage\"},\"image\":{\"@id\":\"https:\/\/biocabaz.pt\/web\/produto\/cereais-bolinhas-de-choco-bio-250g\/#primaryimage\"},\"thumbnailUrl\":\"https:\/\/www.biocabaz.pt\/web\/wp-conteudos\/uploads\/2018\/11\/crosti-bolinhas-chocolate-sem-gluten.png\",\"datePublished\":\"2018-11-13T11:15:20+00:00\",\"dateModified\":\"2025-06-11T13:52:07+00:00\",\"description\":\"CEREAIS BOLINHAS DE CHOCO BIO 250G\",\"breadcrumb\":{\"@id\":\"https:\/\/biocabaz.pt\/web\/produto\/cereais-bolinhas-de-choco-bio-250g\/#breadcrumb\"},\"inLanguage\":\"pt-PT\",\"potentialAction\":[{\"@type\":\"ReadAction\",\"target\":[\"https:\/\/biocabaz.pt\/web\/produto\/cereais-bolinhas-de-choco-bio-250g\/\"]}]},{\"@type\":\"ImageObject\",\"inLanguage\":\"pt-PT\",\"@id\":\"https:\/\/biocabaz.pt\/web\/produto\/cereais-bolinhas-de-choco-bio-250g\/#primaryimage\",\"url\":\"https:\/\/www.biocabaz.pt\/web\/wp-conteudos\/uploads\/2018\/11\/crosti-bolinhas-chocolate-sem-gluten.png\",\"contentUrl\":\"https:\/\/www.biocabaz.pt\/web\/wp-conteudos\/uploads\/2018\/11\/crosti-bolinhas-chocolate-sem-gluten.png\",\"width\":705,\"height\":850,\"caption\":\"Crosti Bolinhas Chocolate Sem Gl\u00faten\"},{\"@type\":\"BreadcrumbList\",\"@id\":\"https:\/\/biocabaz.pt\/web\/produto\/cereais-bolinhas-de-choco-bio-250g\/#breadcrumb\",\"itemListElement\":[{\"@type\":\"ListItem\",\"position\":1,\"name\":\"Home\",\"item\":\"https:\/\/www.biocabaz.pt\/web\/en\/\"},{\"@type\":\"ListItem\",\"position\":2,\"name\":\"Shop\",\"item\":\"https:\/\/www.biocabaz.pt\/web\/en\/shop\/\"},{\"@type\":\"ListItem\",\"position\":3,\"name\":\"Crosti Bolinhas Chocolate Sem Gl\u00faten\"}]},{\"@type\":\"WebSite\",\"@id\":\"https:\/\/www.biocabaz.pt\/web\/en\/#website\",\"url\":\"https:\/\/www.biocabaz.pt\/web\/en\/\",\"name\":\"BIOCABAZ - CABAZES BIOL\u00d3GICOS\",\"description\":\"O melhor que a terra d\u00e1 \u00e9 para si\",\"potentialAction\":[{\"@type\":\"SearchAction\",\"target\":{\"@type\":\"EntryPoint\",\"urlTemplate\":\"https:\/\/www.biocabaz.pt\/web\/en\/?s={search_term_string}\"},\"query-input\":{\"@type\":\"PropertyValueSpecification\",\"valueRequired\":true,\"valueName\":\"search_term_string\"}}],\"inLanguage\":\"pt-PT\"}]}<\/script>\n<!-- \/ Yoast SEO plugin. -->","yoast_head_json":{"title":"Crosti Bolinhas Chocolate Sem Gl\u00faten","description":"CEREAIS BOLINHAS DE CHOCO BIO 250G","robots":{"index":"index","follow":"follow","max-snippet":"max-snippet:-1","max-image-preview":"max-image-preview:large","max-video-preview":"max-video-preview:-1"},"canonical":"https:\/\/biocabaz.pt\/web\/produto\/cereais-bolinhas-de-choco-bio-250g\/","og_locale":"pt_PT","og_type":"article","og_title":"[:en]ORGANIC CHOCOLATE POPS CEREAL 250GR[:pt]Crosti Bolinhas Chocolate Sem Gl\u00faten[:] - BIOCABAZ - CABAZES BIOL\u00d3GICOS","og_description":"CEREAIS BOLINHAS DE CHOCO BIO 250G","og_url":"https:\/\/www.biocabaz.pt\/web\/produto\/cereais-bolinhas-de-choco-bio-250g\/","og_site_name":"BIOCABAZ - CABAZES BIOL\u00d3GICOS","article_modified_time":"2025-06-11T13:52:07+00:00","og_image":[{"width":705,"height":850,"url":"https:\/\/www.biocabaz.pt\/web\/wp-conteudos\/uploads\/2018\/11\/crosti-bolinhas-chocolate-sem-gluten.png","type":"image\/png"}],"twitter_card":"summary_large_image","twitter_misc":{"Est. reading time":"1 minuto"},"schema":{"@context":"https:\/\/schema.org","@graph":[{"@type":"WebPage","@id":"https:\/\/biocabaz.pt\/web\/produto\/cereais-bolinhas-de-choco-bio-250g\/","url":"https:\/\/biocabaz.pt\/web\/produto\/cereais-bolinhas-de-choco-bio-250g\/","name":"Crosti Bolinhas Chocolate Sem Gl\u00faten","isPartOf":{"@id":"https:\/\/www.biocabaz.pt\/web\/en\/#website"},"primaryImageOfPage":{"@id":"https:\/\/biocabaz.pt\/web\/produto\/cereais-bolinhas-de-choco-bio-250g\/#primaryimage"},"image":{"@id":"https:\/\/biocabaz.pt\/web\/produto\/cereais-bolinhas-de-choco-bio-250g\/#primaryimage"},"thumbnailUrl":"https:\/\/www.biocabaz.pt\/web\/wp-conteudos\/uploads\/2018\/11\/crosti-bolinhas-chocolate-sem-gluten.png","datePublished":"2018-11-13T11:15:20+00:00","dateModified":"2025-06-11T13:52:07+00:00","description":"CEREAIS BOLINHAS DE CHOCO BIO 250G","breadcrumb":{"@id":"https:\/\/biocabaz.pt\/web\/produto\/cereais-bolinhas-de-choco-bio-250g\/#breadcrumb"},"inLanguage":"pt-PT","potentialAction":[{"@type":"ReadAction","target":["https:\/\/biocabaz.pt\/web\/produto\/cereais-bolinhas-de-choco-bio-250g\/"]}]},{"@type":"ImageObject","inLanguage":"pt-PT","@id":"https:\/\/biocabaz.pt\/web\/produto\/cereais-bolinhas-de-choco-bio-250g\/#primaryimage","url":"https:\/\/www.biocabaz.pt\/web\/wp-conteudos\/uploads\/2018\/11\/crosti-bolinhas-chocolate-sem-gluten.png","contentUrl":"https:\/\/www.biocabaz.pt\/web\/wp-conteudos\/uploads\/2018\/11\/crosti-bolinhas-chocolate-sem-gluten.png","width":705,"height":850,"caption":"Crosti Bolinhas Chocolate Sem Gl\u00faten"},{"@type":"BreadcrumbList","@id":"https:\/\/biocabaz.pt\/web\/produto\/cereais-bolinhas-de-choco-bio-250g\/#breadcrumb","itemListElement":[{"@type":"ListItem","position":1,"name":"Home","item":"https:\/\/www.biocabaz.pt\/web\/en\/"},{"@type":"ListItem","position":2,"name":"Shop","item":"https:\/\/www.biocabaz.pt\/web\/en\/shop\/"},{"@type":"ListItem","position":3,"name":"Crosti Bolinhas Chocolate Sem Gl\u00faten"}]},{"@type":"WebSite","@id":"https:\/\/www.biocabaz.pt\/web\/en\/#website","url":"https:\/\/www.biocabaz.pt\/web\/en\/","name":"BIOCABAZ - CABAZES BIOL\u00d3GICOS","description":"O melhor que a terra d\u00e1 \u00e9 para si","potentialAction":[{"@type":"SearchAction","target":{"@type":"EntryPoint","urlTemplate":"https:\/\/www.biocabaz.pt\/web\/en\/?s={search_term_string}"},"query-input":{"@type":"PropertyValueSpecification","valueRequired":true,"valueName":"search_term_string"}}],"inLanguage":"pt-PT"}]}},"_links":{"self":[{"href":"https:\/\/www.biocabaz.pt\/web\/wp-json\/wp\/v2\/product\/9885","targetHints":{"allow":["GET"]}}],"collection":[{"href":"https:\/\/www.biocabaz.pt\/web\/wp-json\/wp\/v2\/product"}],"about":[{"href":"https:\/\/www.biocabaz.pt\/web\/wp-json\/wp\/v2\/types\/product"}],"replies":[{"embeddable":true,"href":"https:\/\/www.biocabaz.pt\/web\/wp-json\/wp\/v2\/comments?post=9885"}],"wp:featuredmedia":[{"embeddable":true,"href":"https:\/\/www.biocabaz.pt\/web\/wp-json\/wp\/v2\/media\/122862"}],"wp:attachment":[{"href":"https:\/\/www.biocabaz.pt\/web\/wp-json\/wp\/v2\/media?parent=9885"}],"wp:term":[{"taxonomy":"product_cat","embeddable":true,"href":"https:\/\/www.biocabaz.pt\/web\/wp-json\/wp\/v2\/product_cat?post=9885"},{"taxonomy":"product_tag","embeddable":true,"href":"https:\/\/www.biocabaz.pt\/web\/wp-json\/wp\/v2\/product_tag?post=9885"}],"curies":[{"name":"wp","href":"https:\/\/api.w.org\/{rel}","templated":true}]}}