{"id":924,"date":"2016-04-14T21:42:17","date_gmt":"2016-04-14T21:42:17","guid":{"rendered":"http:\/\/www.biocabaz.com\/web\/produto\/bolachas-chocolate-s-gluten-200g-celisor\/"},"modified":"2022-10-03T12:12:18","modified_gmt":"2022-10-03T12:12:18","slug":"bolachas-chocolate-s-gluten-200g-celisor","status":"publish","type":"product","link":"https:\/\/www.biocabaz.pt\/web\/produto\/bolachas-chocolate-s-gluten-200g-celisor\/","title":{"rendered":"BOLACHAS CHOCOLATE S\/ GLUTEN BIO 200G CELISOR"},"content":{"rendered":"<p><strong>Descri\u00e7\u00e3o <\/strong><br \/>\n\t\t\t\tIngredientes: Amido de tapioca*, panela*(20,0%), \u00f3leo de girassol*, farinha integral de soja*, \u00e1gua, farinha integral de quinoa*(5,0%), canela*(1%), emulsionante: lecitina de soja*, antioxidante: extracto rico em tocofer\u00f3is, gaseificante: bicarbonato s\u00f3dico e am\u00f3nico, sal marinho.*Provenientes de Agricultura Biol\u00f3gica.<\/p>\n<p><strong>Dados Nutricionais<\/strong><br \/>\n\t\t\t\tDeclara\u00e7\u00e3o Nutricional por 100g:<br \/> Energia: 1451kJ\/343kcal;<br \/> L\u00edpidos: 1,4g &#8211; dos quais saturados: 0,3g;<br \/> Hidratos de Carbono: 52,3g &#8211; dos quais a\u00e7\u00facares: 1,7g;<br \/> Fibra: 6,4g;<br \/> Prote\u00ednas: 26,5g;<br \/> Sal: 0,01g;<\/p>\n<p><strong>Modo Utiliza\u00e7\u00e3o<\/strong><br \/>Conservar em local fresco e seco. Uma vez aberto, \u00e9 recomend\u00e1vel consumir nos 5 dias seguintes.<\/p>\n","protected":false},"excerpt":{"rendered":"<p>Descri\u00e7\u00e3o Ingredientes: Amido de tapioca*, panela*(20,0%), \u00f3leo de girassol*, farinha integral de soja*, \u00e1gua, farinha integral de quinoa*(5,0%), canela*(1%), emulsionante: lecitina de soja*, antioxidante: extracto rico em tocofer\u00f3is, gaseificante: bicarbonato s\u00f3dico e am\u00f3nico, sal marinho.*Provenientes de Agricultura Biol\u00f3gica. Dados Nutricionais Declara\u00e7\u00e3o Nutricional por 100g: Energia: 1451kJ\/343kcal; L\u00edpidos: 1,4g &#8211; dos quais saturados: 0,3g; Hidratos de [&hellip;]<\/p>\n","protected":false},"featured_media":1150,"comment_status":"closed","ping_status":"closed","template":"","meta":[],"product_cat":[53,54],"product_tag":[],"class_list":["post-924","product","type-product","status-publish","has-post-thumbnail","hentry","product_cat-sem-gluten-e-superalimentos","product_cat-alimentos-sem-gluten"],"bundle_layout":"","bundled_by":[],"bundled_items":[],"yoast_head":"<!-- This site is optimized with the Yoast SEO plugin v26.3 - https:\/\/yoast.com\/wordpress\/plugins\/seo\/ -->\n<title>BOLACHAS CHOCOLATE S\/ GLUTEN BIO 200G CELISOR<\/title>\n<meta name=\"robots\" content=\"index, follow, max-snippet:-1, max-image-preview:large, max-video-preview:-1\" \/>\n<link rel=\"canonical\" href=\"https:\/\/www.biocabaz.pt\/web\/produto\/bolachas-chocolate-s-gluten-200g-celisor\/\" \/>\n<meta property=\"og:locale\" content=\"pt_PT\" \/>\n<meta property=\"og:locale:alternate\" content=\"en_US\" \/>\n<meta property=\"og:type\" content=\"article\" \/>\n<meta property=\"og:title\" content=\"BOLACHAS CHOCOLATE S\/ GLUTEN BIO 200G CELISOR\" \/>\n<meta property=\"og:description\" content=\"Descri\u00e7\u00e3o Ingredientes: Amido de tapioca*, panela*(20,0%), \u00f3leo de girassol*, farinha integral de soja*, \u00e1gua, farinha integral de quinoa*(5,0%), canela*(1%), emulsionante: lecitina de soja*, antioxidante: extracto rico em tocofer\u00f3is, gaseificante: bicarbonato s\u00f3dico e am\u00f3nico, sal marinho.*Provenientes de Agricultura Biol\u00f3gica. Dados Nutricionais Declara\u00e7\u00e3o Nutricional por 100g: Energia: 1451kJ\/343kcal; L\u00edpidos: 1,4g &#8211; dos quais saturados: 0,3g; Hidratos de [&hellip;]\" \/>\n<meta property=\"og:url\" content=\"https:\/\/www.biocabaz.pt\/web\/produto\/bolachas-chocolate-s-gluten-200g-celisor\/\" \/>\n<meta property=\"og:site_name\" content=\"BIOCABAZ - CABAZES BIOL\u00d3GICOS\" \/>\n<meta property=\"article:modified_time\" content=\"2022-10-03T12:12:18+00:00\" \/>\n<meta property=\"og:image\" content=\"https:\/\/www.biocabaz.pt\/web\/wp-conteudos\/uploads\/2016\/04\/bolachas-chocolate.jpg\" \/>\n\t<meta property=\"og:image:width\" content=\"535\" \/>\n\t<meta property=\"og:image:height\" content=\"500\" \/>\n\t<meta property=\"og:image:type\" content=\"image\/jpeg\" \/>\n<meta name=\"twitter:card\" content=\"summary_large_image\" \/>\n<meta name=\"twitter:label1\" content=\"Est. reading time\" \/>\n\t<meta name=\"twitter:data1\" content=\"1 minuto\" \/>\n<script type=\"application\/ld+json\" class=\"yoast-schema-graph\">{\"@context\":\"https:\/\/schema.org\",\"@graph\":[{\"@type\":\"WebPage\",\"@id\":\"https:\/\/www.biocabaz.pt\/web\/produto\/bolachas-chocolate-s-gluten-200g-celisor\/\",\"url\":\"https:\/\/www.biocabaz.pt\/web\/produto\/bolachas-chocolate-s-gluten-200g-celisor\/\",\"name\":\"BOLACHAS CHOCOLATE S\/ GLUTEN BIO 200G CELISOR\",\"isPartOf\":{\"@id\":\"https:\/\/biocabaz.pt\/web\/en\/#website\"},\"primaryImageOfPage\":{\"@id\":\"https:\/\/www.biocabaz.pt\/web\/produto\/bolachas-chocolate-s-gluten-200g-celisor\/#primaryimage\"},\"image\":{\"@id\":\"https:\/\/www.biocabaz.pt\/web\/produto\/bolachas-chocolate-s-gluten-200g-celisor\/#primaryimage\"},\"thumbnailUrl\":\"https:\/\/www.biocabaz.pt\/web\/wp-conteudos\/uploads\/2016\/04\/bolachas-chocolate.jpg\",\"datePublished\":\"2016-04-14T21:42:17+00:00\",\"dateModified\":\"2022-10-03T12:12:18+00:00\",\"breadcrumb\":{\"@id\":\"https:\/\/www.biocabaz.pt\/web\/produto\/bolachas-chocolate-s-gluten-200g-celisor\/#breadcrumb\"},\"inLanguage\":\"pt-PT\",\"potentialAction\":[{\"@type\":\"ReadAction\",\"target\":[\"https:\/\/www.biocabaz.pt\/web\/produto\/bolachas-chocolate-s-gluten-200g-celisor\/\"]}]},{\"@type\":\"ImageObject\",\"inLanguage\":\"pt-PT\",\"@id\":\"https:\/\/www.biocabaz.pt\/web\/produto\/bolachas-chocolate-s-gluten-200g-celisor\/#primaryimage\",\"url\":\"https:\/\/www.biocabaz.pt\/web\/wp-conteudos\/uploads\/2016\/04\/bolachas-chocolate.jpg\",\"contentUrl\":\"https:\/\/www.biocabaz.pt\/web\/wp-conteudos\/uploads\/2016\/04\/bolachas-chocolate.jpg\",\"width\":535,\"height\":500},{\"@type\":\"BreadcrumbList\",\"@id\":\"https:\/\/www.biocabaz.pt\/web\/produto\/bolachas-chocolate-s-gluten-200g-celisor\/#breadcrumb\",\"itemListElement\":[{\"@type\":\"ListItem\",\"position\":1,\"name\":\"Home\",\"item\":\"https:\/\/biocabaz.pt\/web\/en\/\"},{\"@type\":\"ListItem\",\"position\":2,\"name\":\"Shop\",\"item\":\"https:\/\/biocabaz.pt\/web\/en\/shop\/\"},{\"@type\":\"ListItem\",\"position\":3,\"name\":\"BOLACHAS CHOCOLATE S\/ GLUTEN BIO 200G CELISOR\"}]},{\"@type\":\"WebSite\",\"@id\":\"https:\/\/biocabaz.pt\/web\/en\/#website\",\"url\":\"https:\/\/biocabaz.pt\/web\/en\/\",\"name\":\"BIOCABAZ - CABAZES BIOL\u00d3GICOS\",\"description\":\"O melhor que a terra d\u00e1 \u00e9 para si\",\"potentialAction\":[{\"@type\":\"SearchAction\",\"target\":{\"@type\":\"EntryPoint\",\"urlTemplate\":\"https:\/\/biocabaz.pt\/web\/en\/?s={search_term_string}\"},\"query-input\":{\"@type\":\"PropertyValueSpecification\",\"valueRequired\":true,\"valueName\":\"search_term_string\"}}],\"inLanguage\":\"pt-PT\"}]}<\/script>\n<!-- \/ Yoast SEO plugin. -->","yoast_head_json":{"title":"BOLACHAS CHOCOLATE S\/ GLUTEN BIO 200G CELISOR","robots":{"index":"index","follow":"follow","max-snippet":"max-snippet:-1","max-image-preview":"max-image-preview:large","max-video-preview":"max-video-preview:-1"},"canonical":"https:\/\/www.biocabaz.pt\/web\/produto\/bolachas-chocolate-s-gluten-200g-celisor\/","og_locale":"pt_PT","og_type":"article","og_title":"[:pt]BOLACHAS CHOCOLATE S\/ GLUTEN BIO 200G CELISOR[:en]CELISOR ORGANIC GLUTEN-FREE CHOCOLATE COOKIES 200GR[:] - BIOCABAZ - CABAZES BIOL\u00d3GICOS","og_description":"Descri\u00e7\u00e3o Ingredientes: Amido de tapioca*, panela*(20,0%), \u00f3leo de girassol*, farinha integral de soja*, \u00e1gua, farinha integral de quinoa*(5,0%), canela*(1%), emulsionante: lecitina de soja*, antioxidante: extracto rico em tocofer\u00f3is, gaseificante: bicarbonato s\u00f3dico e am\u00f3nico, sal marinho.*Provenientes de Agricultura Biol\u00f3gica. Dados Nutricionais Declara\u00e7\u00e3o Nutricional por 100g: Energia: 1451kJ\/343kcal; L\u00edpidos: 1,4g &#8211; dos quais saturados: 0,3g; Hidratos de [&hellip;]","og_url":"https:\/\/www.biocabaz.pt\/web\/produto\/bolachas-chocolate-s-gluten-200g-celisor\/","og_site_name":"BIOCABAZ - CABAZES BIOL\u00d3GICOS","article_modified_time":"2022-10-03T12:12:18+00:00","og_image":[{"width":535,"height":500,"url":"https:\/\/www.biocabaz.pt\/web\/wp-conteudos\/uploads\/2016\/04\/bolachas-chocolate.jpg","type":"image\/jpeg"}],"twitter_card":"summary_large_image","twitter_misc":{"Est. reading time":"1 minuto"},"schema":{"@context":"https:\/\/schema.org","@graph":[{"@type":"WebPage","@id":"https:\/\/www.biocabaz.pt\/web\/produto\/bolachas-chocolate-s-gluten-200g-celisor\/","url":"https:\/\/www.biocabaz.pt\/web\/produto\/bolachas-chocolate-s-gluten-200g-celisor\/","name":"BOLACHAS CHOCOLATE S\/ GLUTEN BIO 200G CELISOR","isPartOf":{"@id":"https:\/\/biocabaz.pt\/web\/en\/#website"},"primaryImageOfPage":{"@id":"https:\/\/www.biocabaz.pt\/web\/produto\/bolachas-chocolate-s-gluten-200g-celisor\/#primaryimage"},"image":{"@id":"https:\/\/www.biocabaz.pt\/web\/produto\/bolachas-chocolate-s-gluten-200g-celisor\/#primaryimage"},"thumbnailUrl":"https:\/\/www.biocabaz.pt\/web\/wp-conteudos\/uploads\/2016\/04\/bolachas-chocolate.jpg","datePublished":"2016-04-14T21:42:17+00:00","dateModified":"2022-10-03T12:12:18+00:00","breadcrumb":{"@id":"https:\/\/www.biocabaz.pt\/web\/produto\/bolachas-chocolate-s-gluten-200g-celisor\/#breadcrumb"},"inLanguage":"pt-PT","potentialAction":[{"@type":"ReadAction","target":["https:\/\/www.biocabaz.pt\/web\/produto\/bolachas-chocolate-s-gluten-200g-celisor\/"]}]},{"@type":"ImageObject","inLanguage":"pt-PT","@id":"https:\/\/www.biocabaz.pt\/web\/produto\/bolachas-chocolate-s-gluten-200g-celisor\/#primaryimage","url":"https:\/\/www.biocabaz.pt\/web\/wp-conteudos\/uploads\/2016\/04\/bolachas-chocolate.jpg","contentUrl":"https:\/\/www.biocabaz.pt\/web\/wp-conteudos\/uploads\/2016\/04\/bolachas-chocolate.jpg","width":535,"height":500},{"@type":"BreadcrumbList","@id":"https:\/\/www.biocabaz.pt\/web\/produto\/bolachas-chocolate-s-gluten-200g-celisor\/#breadcrumb","itemListElement":[{"@type":"ListItem","position":1,"name":"Home","item":"https:\/\/biocabaz.pt\/web\/en\/"},{"@type":"ListItem","position":2,"name":"Shop","item":"https:\/\/biocabaz.pt\/web\/en\/shop\/"},{"@type":"ListItem","position":3,"name":"BOLACHAS CHOCOLATE S\/ GLUTEN BIO 200G CELISOR"}]},{"@type":"WebSite","@id":"https:\/\/biocabaz.pt\/web\/en\/#website","url":"https:\/\/biocabaz.pt\/web\/en\/","name":"BIOCABAZ - CABAZES BIOL\u00d3GICOS","description":"O melhor que a terra d\u00e1 \u00e9 para si","potentialAction":[{"@type":"SearchAction","target":{"@type":"EntryPoint","urlTemplate":"https:\/\/biocabaz.pt\/web\/en\/?s={search_term_string}"},"query-input":{"@type":"PropertyValueSpecification","valueRequired":true,"valueName":"search_term_string"}}],"inLanguage":"pt-PT"}]}},"_links":{"self":[{"href":"https:\/\/www.biocabaz.pt\/web\/wp-json\/wp\/v2\/product\/924","targetHints":{"allow":["GET"]}}],"collection":[{"href":"https:\/\/www.biocabaz.pt\/web\/wp-json\/wp\/v2\/product"}],"about":[{"href":"https:\/\/www.biocabaz.pt\/web\/wp-json\/wp\/v2\/types\/product"}],"replies":[{"embeddable":true,"href":"https:\/\/www.biocabaz.pt\/web\/wp-json\/wp\/v2\/comments?post=924"}],"wp:featuredmedia":[{"embeddable":true,"href":"https:\/\/www.biocabaz.pt\/web\/wp-json\/wp\/v2\/media\/1150"}],"wp:attachment":[{"href":"https:\/\/www.biocabaz.pt\/web\/wp-json\/wp\/v2\/media?parent=924"}],"wp:term":[{"taxonomy":"product_cat","embeddable":true,"href":"https:\/\/www.biocabaz.pt\/web\/wp-json\/wp\/v2\/product_cat?post=924"},{"taxonomy":"product_tag","embeddable":true,"href":"https:\/\/www.biocabaz.pt\/web\/wp-json\/wp\/v2\/product_tag?post=924"}],"curies":[{"name":"wp","href":"https:\/\/api.w.org\/{rel}","templated":true}]}}