{"id":84022,"date":"2022-03-17T23:37:52","date_gmt":"2022-03-17T23:37:52","guid":{"rendered":"https:\/\/www.biocabaz.pt\/web\/?post_type=product&#038;p=84022"},"modified":"2022-12-30T11:44:29","modified_gmt":"2022-12-30T11:44:29","slug":"now-red-yeast-rice-600mg-120-capsulas","status":"publish","type":"product","link":"https:\/\/www.biocabaz.pt\/web\/produto\/now-red-yeast-rice-600mg-120-capsulas\/","title":{"rendered":"NOW RED YEAST RICE 600MG 120 C\u00c1PSULAS"},"content":{"rendered":"","protected":false},"excerpt":{"rendered":"<p><strong>DESCRI\u00c7\u00c3O<\/strong><\/p>\n<div class=\"conteudo\">\n<div class=\"textos\">Combate o Colesterol Red yeast rice \u00e9 indicado para a redu\u00e7\u00e3o do colesterol total (em m\u00e9dia -35 mg\/dl ao fim de 2 meses), colesterol LDL (-28 mg\/dl) e triglic\u00e9ridos (-35 mg\/dl). Aumento do colesterol HDL (+6 mg\/dl), respons\u00e1vel pela redu\u00e7\u00e3o das placas de ateroma. Reduz a homociste\u00edna, um fator preditivo independente do colesterol para doen\u00e7as cardiovasculares e a sua oxida\u00e7\u00e3o sobre o endot\u00e9lio. APRESENTA\u00c7\u00c3O 120 C\u00e1psulas.<\/div>\n<div class=\"cont\">\n<p><strong>BENEFICIOS<\/strong><\/p>\n<div class=\"textos\">Combate a hipercolesterolemia; Melhora a circula\u00e7\u00e3o sangu\u00ednea.<\/div>\n<\/div>\n<div class=\"cont\">\n<p><strong>PRINC\u00cdPIOS ATIVOS<\/strong><\/p>\n<div class=\"textos\">Por 2 c\u00e1psulas: Arroz de fermento vermelho org\u00e2nico (Monascus purpureus) &#8211; 1,2g (1,200mg).<\/div>\n<\/div>\n<div class=\"cont\">\n<p><strong>CONSELHOS DE UTILIZA\u00c7\u00c3O<\/strong><\/p>\n<div class=\"textos\">Como suplemento diet\u00e9tico, tome 2 c\u00e1psulas 1- 2 vezes ao dia, de prefer\u00eancia com as refei\u00e7\u00f5es. Tamb\u00e9m recomendamos tomar este produto com as c\u00e1psulas NOW\u00ae CoQ10, c\u00e1psula gelatinosas ou pastilhas mastig\u00e1veis para um maior benef\u00edcio. ADVERT\u00caNCIAS Conservar em local fresco, seco e ao abrigo da luz; Se ocorrer alguma rea\u00e7\u00e3o, parar a utiliza\u00e7\u00e3o; N\u00e3o exceder a toma di\u00e1ria recomendada; Evite o produto em caso de alergia ou sensibilidade a algum dos ingredientes; Se estiver gr\u00e1vida, a amamentar, a tomar alguma especialidade farmac\u00eautica ou se sofre de alguma doen\u00e7a, consulte o seu m\u00e9dico ou t\u00e9cnico de sa\u00fade antes de tomar este suplemento; Os suplementos alimentares n\u00e3o devem ser utilizados como substitutos de um regime alimentar variado e de um estilo de vida saud\u00e1vel; Manter fora do alcance das crian\u00e7as.<\/div>\n<\/div>\n<\/div>\n","protected":false},"featured_media":84023,"comment_status":"closed","ping_status":"closed","template":"","meta":[],"product_cat":[88],"product_tag":[],"class_list":["post-84022","product","type-product","status-publish","has-post-thumbnail","hentry","product_cat-suplementos"],"bundle_layout":"","bundled_by":[],"bundled_items":[],"yoast_head":"<!-- This site is optimized with the Yoast SEO plugin v26.3 - https:\/\/yoast.com\/wordpress\/plugins\/seo\/ -->\n<title>NOW RED YEAST RICE 600MG 120 C\u00c1PSULAS<\/title>\n<meta name=\"robots\" content=\"index, follow, max-snippet:-1, max-image-preview:large, max-video-preview:-1\" \/>\n<link rel=\"canonical\" href=\"https:\/\/www.biocabaz.pt\/web\/produto\/now-red-yeast-rice-600mg-120-capsulas\/\" \/>\n<meta property=\"og:locale\" content=\"pt_PT\" \/>\n<meta property=\"og:locale:alternate\" content=\"en_US\" \/>\n<meta property=\"og:type\" content=\"article\" \/>\n<meta property=\"og:title\" content=\"NOW RED YEAST RICE 600MG 120 C\u00c1PSULAS\" \/>\n<meta property=\"og:description\" content=\"DESCRI\u00c7\u00c3O  Combate o Colesterol Red yeast rice \u00e9 indicado para a redu\u00e7\u00e3o do colesterol total (em m\u00e9dia -35 mg\/dl ao fim de 2 meses), colesterol LDL (-28 mg\/dl) e triglic\u00e9ridos (-35 mg\/dl). Aumento do colesterol HDL (+6 mg\/dl), respons\u00e1vel pela redu\u00e7\u00e3o das placas de ateroma. Reduz a homociste\u00edna, um fator preditivo independente do colesterol para doen\u00e7as cardiovasculares e a sua oxida\u00e7\u00e3o sobre o endot\u00e9lio. APRESENTA\u00c7\u00c3O 120 C\u00e1psulas.   BENEFICIOS Combate a hipercolesterolemia; Melhora a circula\u00e7\u00e3o sangu\u00ednea.    PRINC\u00cdPIOS ATIVOS Por 2 c\u00e1psulas: Arroz de fermento vermelho org\u00e2nico (Monascus purpureus) - 1,2g (1,200mg).    CONSELHOS DE UTILIZA\u00c7\u00c3O Como suplemento diet\u00e9tico, tome 2 c\u00e1psulas 1- 2 vezes ao dia, de prefer\u00eancia com as refei\u00e7\u00f5es. Tamb\u00e9m recomendamos tomar este produto com as c\u00e1psulas NOW\u00ae CoQ10, c\u00e1psula gelatinosas ou pastilhas mastig\u00e1veis para um maior benef\u00edcio. ADVERT\u00caNCIAS Conservar em local fresco, seco e ao abrigo da luz; Se ocorrer alguma rea\u00e7\u00e3o, parar a utiliza\u00e7\u00e3o; N\u00e3o exceder a toma di\u00e1ria recomendada; Evite o produto em caso de alergia ou sensibilidade a algum dos ingredientes; Se estiver gr\u00e1vida, a amamentar, a tomar alguma especialidade farmac\u00eautica ou se sofre de alguma doen\u00e7a, consulte o seu m\u00e9dico ou t\u00e9cnico de sa\u00fade antes de tomar este suplemento; Os suplementos alimentares n\u00e3o devem ser utilizados como substitutos de um regime alimentar variado e de um estilo de vida saud\u00e1vel; Manter fora do alcance das crian\u00e7as.\" \/>\n<meta property=\"og:url\" content=\"https:\/\/www.biocabaz.pt\/web\/produto\/now-red-yeast-rice-600mg-120-capsulas\/\" \/>\n<meta property=\"og:site_name\" content=\"BIOCABAZ - CABAZES BIOL\u00d3GICOS\" \/>\n<meta property=\"article:modified_time\" content=\"2022-12-30T11:44:29+00:00\" \/>\n<meta property=\"og:image\" content=\"https:\/\/www.biocabaz.pt\/web\/wp-conteudos\/uploads\/2022\/03\/now-red-yeast-rice-600mg-120-capsulas.jpg\" \/>\n\t<meta property=\"og:image:width\" content=\"515\" \/>\n\t<meta property=\"og:image:height\" content=\"515\" \/>\n\t<meta property=\"og:image:type\" content=\"image\/jpeg\" \/>\n<meta name=\"twitter:card\" content=\"summary_large_image\" \/>\n<script type=\"application\/ld+json\" class=\"yoast-schema-graph\">{\"@context\":\"https:\/\/schema.org\",\"@graph\":[{\"@type\":\"WebPage\",\"@id\":\"https:\/\/www.biocabaz.pt\/web\/en\/produto\/now-red-yeast-rice-600mg-120-capsulas\/\",\"url\":\"https:\/\/www.biocabaz.pt\/web\/en\/produto\/now-red-yeast-rice-600mg-120-capsulas\/\",\"name\":\"NOW RED YEAST RICE 600MG 120 C\u00c1PSULAS\",\"isPartOf\":{\"@id\":\"https:\/\/biocabaz.pt\/web\/#website\"},\"primaryImageOfPage\":{\"@id\":\"https:\/\/www.biocabaz.pt\/web\/en\/produto\/now-red-yeast-rice-600mg-120-capsulas\/#primaryimage\"},\"image\":{\"@id\":\"https:\/\/www.biocabaz.pt\/web\/en\/produto\/now-red-yeast-rice-600mg-120-capsulas\/#primaryimage\"},\"thumbnailUrl\":\"https:\/\/www.biocabaz.pt\/web\/wp-conteudos\/uploads\/2022\/03\/now-red-yeast-rice-600mg-120-capsulas.jpg\",\"datePublished\":\"2022-03-17T23:37:52+00:00\",\"dateModified\":\"2022-12-30T11:44:29+00:00\",\"breadcrumb\":{\"@id\":\"https:\/\/www.biocabaz.pt\/web\/en\/produto\/now-red-yeast-rice-600mg-120-capsulas\/#breadcrumb\"},\"inLanguage\":\"pt-PT\",\"potentialAction\":[{\"@type\":\"ReadAction\",\"target\":[\"https:\/\/www.biocabaz.pt\/web\/en\/produto\/now-red-yeast-rice-600mg-120-capsulas\/\"]}]},{\"@type\":\"ImageObject\",\"inLanguage\":\"pt-PT\",\"@id\":\"https:\/\/www.biocabaz.pt\/web\/en\/produto\/now-red-yeast-rice-600mg-120-capsulas\/#primaryimage\",\"url\":\"https:\/\/www.biocabaz.pt\/web\/wp-conteudos\/uploads\/2022\/03\/now-red-yeast-rice-600mg-120-capsulas.jpg\",\"contentUrl\":\"https:\/\/www.biocabaz.pt\/web\/wp-conteudos\/uploads\/2022\/03\/now-red-yeast-rice-600mg-120-capsulas.jpg\",\"width\":515,\"height\":515,\"caption\":\"NOW RED YEAST RICE 600MG 120 C\u00c1PSULAS\"},{\"@type\":\"BreadcrumbList\",\"@id\":\"https:\/\/www.biocabaz.pt\/web\/en\/produto\/now-red-yeast-rice-600mg-120-capsulas\/#breadcrumb\",\"itemListElement\":[{\"@type\":\"ListItem\",\"position\":1,\"name\":\"Home\",\"item\":\"https:\/\/biocabaz.pt\/web\/\"},{\"@type\":\"ListItem\",\"position\":2,\"name\":\"Loja\",\"item\":\"https:\/\/biocabaz.pt\/web\/shop\/\"},{\"@type\":\"ListItem\",\"position\":3,\"name\":\"NOW RED YEAST RICE 600MG 120 C\u00c1PSULAS\"}]},{\"@type\":\"WebSite\",\"@id\":\"https:\/\/biocabaz.pt\/web\/#website\",\"url\":\"https:\/\/biocabaz.pt\/web\/\",\"name\":\"BIOCABAZ - CABAZES BIOL\u00d3GICOS\",\"description\":\"O melhor que a terra d\u00e1 \u00e9 para si\",\"potentialAction\":[{\"@type\":\"SearchAction\",\"target\":{\"@type\":\"EntryPoint\",\"urlTemplate\":\"https:\/\/biocabaz.pt\/web\/?s={search_term_string}\"},\"query-input\":{\"@type\":\"PropertyValueSpecification\",\"valueRequired\":true,\"valueName\":\"search_term_string\"}}],\"inLanguage\":\"pt-PT\"}]}<\/script>\n<!-- \/ Yoast SEO plugin. -->","yoast_head_json":{"title":"NOW RED YEAST RICE 600MG 120 C\u00c1PSULAS","robots":{"index":"index","follow":"follow","max-snippet":"max-snippet:-1","max-image-preview":"max-image-preview:large","max-video-preview":"max-video-preview:-1"},"canonical":"https:\/\/www.biocabaz.pt\/web\/produto\/now-red-yeast-rice-600mg-120-capsulas\/","og_locale":"pt_PT","og_type":"article","og_title":"[:pt]NOW RED YEAST RICE 600MG 120 C\u00c1PSULAS[:] - BIOCABAZ - CABAZES BIOL\u00d3GICOS","og_description":"DESCRI\u00c7\u00c3O  Combate o Colesterol Red yeast rice \u00e9 indicado para a redu\u00e7\u00e3o do colesterol total (em m\u00e9dia -35 mg\/dl ao fim de 2 meses), colesterol LDL (-28 mg\/dl) e triglic\u00e9ridos (-35 mg\/dl). Aumento do colesterol HDL (+6 mg\/dl), respons\u00e1vel pela redu\u00e7\u00e3o das placas de ateroma. Reduz a homociste\u00edna, um fator preditivo independente do colesterol para doen\u00e7as cardiovasculares e a sua oxida\u00e7\u00e3o sobre o endot\u00e9lio. APRESENTA\u00c7\u00c3O 120 C\u00e1psulas.   BENEFICIOS Combate a hipercolesterolemia; Melhora a circula\u00e7\u00e3o sangu\u00ednea.    PRINC\u00cdPIOS ATIVOS Por 2 c\u00e1psulas: Arroz de fermento vermelho org\u00e2nico (Monascus purpureus) - 1,2g (1,200mg).    CONSELHOS DE UTILIZA\u00c7\u00c3O Como suplemento diet\u00e9tico, tome 2 c\u00e1psulas 1- 2 vezes ao dia, de prefer\u00eancia com as refei\u00e7\u00f5es. Tamb\u00e9m recomendamos tomar este produto com as c\u00e1psulas NOW\u00ae CoQ10, c\u00e1psula gelatinosas ou pastilhas mastig\u00e1veis para um maior benef\u00edcio. ADVERT\u00caNCIAS Conservar em local fresco, seco e ao abrigo da luz; Se ocorrer alguma rea\u00e7\u00e3o, parar a utiliza\u00e7\u00e3o; N\u00e3o exceder a toma di\u00e1ria recomendada; Evite o produto em caso de alergia ou sensibilidade a algum dos ingredientes; Se estiver gr\u00e1vida, a amamentar, a tomar alguma especialidade farmac\u00eautica ou se sofre de alguma doen\u00e7a, consulte o seu m\u00e9dico ou t\u00e9cnico de sa\u00fade antes de tomar este suplemento; Os suplementos alimentares n\u00e3o devem ser utilizados como substitutos de um regime alimentar variado e de um estilo de vida saud\u00e1vel; Manter fora do alcance das crian\u00e7as.","og_url":"https:\/\/www.biocabaz.pt\/web\/produto\/now-red-yeast-rice-600mg-120-capsulas\/","og_site_name":"BIOCABAZ - CABAZES BIOL\u00d3GICOS","article_modified_time":"2022-12-30T11:44:29+00:00","og_image":[{"width":515,"height":515,"url":"https:\/\/www.biocabaz.pt\/web\/wp-conteudos\/uploads\/2022\/03\/now-red-yeast-rice-600mg-120-capsulas.jpg","type":"image\/jpeg"}],"twitter_card":"summary_large_image","schema":{"@context":"https:\/\/schema.org","@graph":[{"@type":"WebPage","@id":"https:\/\/www.biocabaz.pt\/web\/en\/produto\/now-red-yeast-rice-600mg-120-capsulas\/","url":"https:\/\/www.biocabaz.pt\/web\/en\/produto\/now-red-yeast-rice-600mg-120-capsulas\/","name":"NOW RED YEAST RICE 600MG 120 C\u00c1PSULAS","isPartOf":{"@id":"https:\/\/biocabaz.pt\/web\/#website"},"primaryImageOfPage":{"@id":"https:\/\/www.biocabaz.pt\/web\/en\/produto\/now-red-yeast-rice-600mg-120-capsulas\/#primaryimage"},"image":{"@id":"https:\/\/www.biocabaz.pt\/web\/en\/produto\/now-red-yeast-rice-600mg-120-capsulas\/#primaryimage"},"thumbnailUrl":"https:\/\/www.biocabaz.pt\/web\/wp-conteudos\/uploads\/2022\/03\/now-red-yeast-rice-600mg-120-capsulas.jpg","datePublished":"2022-03-17T23:37:52+00:00","dateModified":"2022-12-30T11:44:29+00:00","breadcrumb":{"@id":"https:\/\/www.biocabaz.pt\/web\/en\/produto\/now-red-yeast-rice-600mg-120-capsulas\/#breadcrumb"},"inLanguage":"pt-PT","potentialAction":[{"@type":"ReadAction","target":["https:\/\/www.biocabaz.pt\/web\/en\/produto\/now-red-yeast-rice-600mg-120-capsulas\/"]}]},{"@type":"ImageObject","inLanguage":"pt-PT","@id":"https:\/\/www.biocabaz.pt\/web\/en\/produto\/now-red-yeast-rice-600mg-120-capsulas\/#primaryimage","url":"https:\/\/www.biocabaz.pt\/web\/wp-conteudos\/uploads\/2022\/03\/now-red-yeast-rice-600mg-120-capsulas.jpg","contentUrl":"https:\/\/www.biocabaz.pt\/web\/wp-conteudos\/uploads\/2022\/03\/now-red-yeast-rice-600mg-120-capsulas.jpg","width":515,"height":515,"caption":"NOW RED YEAST RICE 600MG 120 C\u00c1PSULAS"},{"@type":"BreadcrumbList","@id":"https:\/\/www.biocabaz.pt\/web\/en\/produto\/now-red-yeast-rice-600mg-120-capsulas\/#breadcrumb","itemListElement":[{"@type":"ListItem","position":1,"name":"Home","item":"https:\/\/biocabaz.pt\/web\/"},{"@type":"ListItem","position":2,"name":"Loja","item":"https:\/\/biocabaz.pt\/web\/shop\/"},{"@type":"ListItem","position":3,"name":"NOW RED YEAST RICE 600MG 120 C\u00c1PSULAS"}]},{"@type":"WebSite","@id":"https:\/\/biocabaz.pt\/web\/#website","url":"https:\/\/biocabaz.pt\/web\/","name":"BIOCABAZ - CABAZES BIOL\u00d3GICOS","description":"O melhor que a terra d\u00e1 \u00e9 para si","potentialAction":[{"@type":"SearchAction","target":{"@type":"EntryPoint","urlTemplate":"https:\/\/biocabaz.pt\/web\/?s={search_term_string}"},"query-input":{"@type":"PropertyValueSpecification","valueRequired":true,"valueName":"search_term_string"}}],"inLanguage":"pt-PT"}]}},"_links":{"self":[{"href":"https:\/\/www.biocabaz.pt\/web\/wp-json\/wp\/v2\/product\/84022","targetHints":{"allow":["GET"]}}],"collection":[{"href":"https:\/\/www.biocabaz.pt\/web\/wp-json\/wp\/v2\/product"}],"about":[{"href":"https:\/\/www.biocabaz.pt\/web\/wp-json\/wp\/v2\/types\/product"}],"replies":[{"embeddable":true,"href":"https:\/\/www.biocabaz.pt\/web\/wp-json\/wp\/v2\/comments?post=84022"}],"wp:featuredmedia":[{"embeddable":true,"href":"https:\/\/www.biocabaz.pt\/web\/wp-json\/wp\/v2\/media\/84023"}],"wp:attachment":[{"href":"https:\/\/www.biocabaz.pt\/web\/wp-json\/wp\/v2\/media?parent=84022"}],"wp:term":[{"taxonomy":"product_cat","embeddable":true,"href":"https:\/\/www.biocabaz.pt\/web\/wp-json\/wp\/v2\/product_cat?post=84022"},{"taxonomy":"product_tag","embeddable":true,"href":"https:\/\/www.biocabaz.pt\/web\/wp-json\/wp\/v2\/product_tag?post=84022"}],"curies":[{"name":"wp","href":"https:\/\/api.w.org\/{rel}","templated":true}]}}