{"id":75231,"date":"2021-09-02T17:42:58","date_gmt":"2021-09-02T17:42:58","guid":{"rendered":"https:\/\/www.biocabaz.pt\/web\/?post_type=product&#038;p=75231"},"modified":"2024-08-06T10:41:06","modified_gmt":"2024-08-06T10:41:06","slug":"hamburguer-vegetal-de-boletus-soria-natural-2x100gr","status":"publish","type":"product","link":"https:\/\/www.biocabaz.pt\/web\/produto\/hamburguer-vegetal-de-boletus-soria-natural-2x100gr\/","title":{"rendered":"HAMBURGUER VEGETAL DE BOLETUS SORIA NATURAL 2X100GR"},"content":{"rendered":"","protected":false},"excerpt":{"rendered":"<p>Ingredientes: Tofu natural* (\u00e1gua, favas de soja* e cloreto de magn\u00e9sio (nigari), cogumelos Boletus* sp (15%), courgete* tofu fumado* (\u00e1gua, favas de soja* e cloreto de magn\u00e9sio (nigari)), amido de tapioca*, arroz integral cozido* (\u00e1gua, arroz integral*), azeite virgem extra* (7%), cebola*, prote\u00edna de soja texturizada*, pimento encarnado*, gelificantes: goma gellan e agar-agar, sal rosa dos himalaias, pimenta preta*, aroma natural. * Procedente de agricultura biol\u00f3gica.<br \/><b>Modo de Utiliza\u00e7\u00e3o:<\/b> Retirar da embalagem. Na frigideira-chapa: cozinhar em lume m\u00e9dio com umas gotas de azeite durante 2 minutos de cada lado.<br \/><b>Dados Nutricionais:<\/b> Declara\u00e7\u00e3o Nutricional por 100g: Energia: 925KJ\/221Kcal; L\u00edpidos: 9,4g; dos quais saturados: 1,5g; monoinsaturadas: 5,0g; poliinsaturadas: 2,7g; Hidratos de carbono: 21g; dos quais a\u00e7\u00facares: 2,9g; Fibra: 4,1g; Prote\u00ednas: 11g; Sal: 1,1g.<\/p>\n","protected":false},"featured_media":75232,"comment_status":"closed","ping_status":"closed","template":"","meta":[],"product_cat":[109],"product_tag":[],"class_list":["post-75231","product","type-product","status-publish","has-post-thumbnail","hentry","product_cat-vegetariano-e-vegan-sem-gluten-e-superalimentos"],"bundle_layout":"","bundled_by":[],"bundled_items":[],"yoast_head":"<!-- This site is optimized with the Yoast SEO plugin v26.3 - https:\/\/yoast.com\/wordpress\/plugins\/seo\/ -->\n<title>HAMBURGUER VEGETAL DE BOLETUS SORIA NATURAL 2X100GR<\/title>\n<meta name=\"robots\" content=\"index, follow, max-snippet:-1, max-image-preview:large, max-video-preview:-1\" \/>\n<link rel=\"canonical\" href=\"https:\/\/www.biocabaz.pt\/web\/produto\/hamburguer-vegetal-de-boletus-soria-natural-2x100gr\/\" \/>\n<meta property=\"og:locale\" content=\"pt_PT\" \/>\n<meta property=\"og:locale:alternate\" content=\"en_US\" \/>\n<meta property=\"og:type\" content=\"article\" \/>\n<meta property=\"og:title\" content=\"HAMBURGUER VEGETAL DE BOLETUS SORIA NATURAL 2X100GR\" \/>\n<meta property=\"og:description\" content=\"Ingredientes: Tofu natural* (\u00e1gua, favas de soja* e cloreto de magn\u00e9sio (nigari), cogumelos Boletus* sp (15%), courgete* tofu fumado* (\u00e1gua, favas de soja* e cloreto de magn\u00e9sio (nigari)), amido de tapioca*, arroz integral cozido* (\u00e1gua, arroz integral*), azeite virgem extra* (7%), cebola*, prote\u00edna de soja texturizada*, pimento encarnado*, gelificantes: goma gellan e agar-agar, sal rosa dos himalaias, pimenta preta*, aroma natural. * Procedente de agricultura biol\u00f3gica.Modo de Utiliza\u00e7\u00e3o: Retirar da embalagem. Na frigideira-chapa: cozinhar em lume m\u00e9dio com umas gotas de azeite durante 2 minutos de cada lado.Dados Nutricionais: Declara\u00e7\u00e3o Nutricional por 100g: Energia: 925KJ\/221Kcal; L\u00edpidos: 9,4g; dos quais saturados: 1,5g; monoinsaturadas: 5,0g; poliinsaturadas: 2,7g; Hidratos de carbono: 21g; dos quais a\u00e7\u00facares: 2,9g; Fibra: 4,1g; Prote\u00ednas: 11g; Sal: 1,1g.\" \/>\n<meta property=\"og:url\" content=\"https:\/\/www.biocabaz.pt\/web\/produto\/hamburguer-vegetal-de-boletus-soria-natural-2x100gr\/\" \/>\n<meta property=\"og:site_name\" content=\"BIOCABAZ - CABAZES BIOL\u00d3GICOS\" \/>\n<meta property=\"article:modified_time\" content=\"2024-08-06T10:41:06+00:00\" \/>\n<meta property=\"og:image\" content=\"https:\/\/www.biocabaz.pt\/web\/wp-conteudos\/uploads\/2021\/09\/hamburguer-vegetal-de-boletus-soria-natural-2x100gr.jpg\" \/>\n\t<meta property=\"og:image:width\" content=\"336\" \/>\n\t<meta property=\"og:image:height\" content=\"336\" \/>\n\t<meta property=\"og:image:type\" content=\"image\/jpeg\" \/>\n<meta name=\"twitter:card\" content=\"summary_large_image\" \/>\n<script type=\"application\/ld+json\" class=\"yoast-schema-graph\">{\"@context\":\"https:\/\/schema.org\",\"@graph\":[{\"@type\":\"WebPage\",\"@id\":\"https:\/\/www.biocabaz.pt\/web\/produto\/hamburguer-vegetal-de-boletus-soria-natural-2x100gr\/\",\"url\":\"https:\/\/www.biocabaz.pt\/web\/produto\/hamburguer-vegetal-de-boletus-soria-natural-2x100gr\/\",\"name\":\"HAMBURGUER VEGETAL DE BOLETUS SORIA NATURAL 2X100GR\",\"isPartOf\":{\"@id\":\"https:\/\/biocabaz.pt\/web\/en\/#website\"},\"primaryImageOfPage\":{\"@id\":\"https:\/\/www.biocabaz.pt\/web\/produto\/hamburguer-vegetal-de-boletus-soria-natural-2x100gr\/#primaryimage\"},\"image\":{\"@id\":\"https:\/\/www.biocabaz.pt\/web\/produto\/hamburguer-vegetal-de-boletus-soria-natural-2x100gr\/#primaryimage\"},\"thumbnailUrl\":\"https:\/\/www.biocabaz.pt\/web\/wp-conteudos\/uploads\/2021\/09\/hamburguer-vegetal-de-boletus-soria-natural-2x100gr.jpg\",\"datePublished\":\"2021-09-02T17:42:58+00:00\",\"dateModified\":\"2024-08-06T10:41:06+00:00\",\"breadcrumb\":{\"@id\":\"https:\/\/www.biocabaz.pt\/web\/produto\/hamburguer-vegetal-de-boletus-soria-natural-2x100gr\/#breadcrumb\"},\"inLanguage\":\"pt-PT\",\"potentialAction\":[{\"@type\":\"ReadAction\",\"target\":[\"https:\/\/www.biocabaz.pt\/web\/produto\/hamburguer-vegetal-de-boletus-soria-natural-2x100gr\/\"]}]},{\"@type\":\"ImageObject\",\"inLanguage\":\"pt-PT\",\"@id\":\"https:\/\/www.biocabaz.pt\/web\/produto\/hamburguer-vegetal-de-boletus-soria-natural-2x100gr\/#primaryimage\",\"url\":\"https:\/\/www.biocabaz.pt\/web\/wp-conteudos\/uploads\/2021\/09\/hamburguer-vegetal-de-boletus-soria-natural-2x100gr.jpg\",\"contentUrl\":\"https:\/\/www.biocabaz.pt\/web\/wp-conteudos\/uploads\/2021\/09\/hamburguer-vegetal-de-boletus-soria-natural-2x100gr.jpg\",\"width\":336,\"height\":336,\"caption\":\"HAMBURGUER VEGETAL DE BOLETUS SORIA NATURAL 2X100GR\"},{\"@type\":\"BreadcrumbList\",\"@id\":\"https:\/\/www.biocabaz.pt\/web\/produto\/hamburguer-vegetal-de-boletus-soria-natural-2x100gr\/#breadcrumb\",\"itemListElement\":[{\"@type\":\"ListItem\",\"position\":1,\"name\":\"Home\",\"item\":\"https:\/\/biocabaz.pt\/web\/en\/\"},{\"@type\":\"ListItem\",\"position\":2,\"name\":\"Shop\",\"item\":\"https:\/\/biocabaz.pt\/web\/en\/shop\/\"},{\"@type\":\"ListItem\",\"position\":3,\"name\":\"HAMBURGUER VEGETAL DE BOLETUS SORIA NATURAL 2X100GR\"}]},{\"@type\":\"WebSite\",\"@id\":\"https:\/\/biocabaz.pt\/web\/en\/#website\",\"url\":\"https:\/\/biocabaz.pt\/web\/en\/\",\"name\":\"BIOCABAZ - CABAZES BIOL\u00d3GICOS\",\"description\":\"O melhor que a terra d\u00e1 \u00e9 para si\",\"potentialAction\":[{\"@type\":\"SearchAction\",\"target\":{\"@type\":\"EntryPoint\",\"urlTemplate\":\"https:\/\/biocabaz.pt\/web\/en\/?s={search_term_string}\"},\"query-input\":{\"@type\":\"PropertyValueSpecification\",\"valueRequired\":true,\"valueName\":\"search_term_string\"}}],\"inLanguage\":\"pt-PT\"}]}<\/script>\n<!-- \/ Yoast SEO plugin. -->","yoast_head_json":{"title":"HAMBURGUER VEGETAL DE BOLETUS SORIA NATURAL 2X100GR","robots":{"index":"index","follow":"follow","max-snippet":"max-snippet:-1","max-image-preview":"max-image-preview:large","max-video-preview":"max-video-preview:-1"},"canonical":"https:\/\/www.biocabaz.pt\/web\/produto\/hamburguer-vegetal-de-boletus-soria-natural-2x100gr\/","og_locale":"pt_PT","og_type":"article","og_title":"[:en]SORIA NATURAL MUSHROOMS VEGGIE BURGER 2X100G[:pt]HAMBURGUER VEGETAL DE BOLETUS SORIA NATURAL 2X100GR[:] - BIOCABAZ - CABAZES BIOL\u00d3GICOS","og_description":"Ingredientes: Tofu natural* (\u00e1gua, favas de soja* e cloreto de magn\u00e9sio (nigari), cogumelos Boletus* sp (15%), courgete* tofu fumado* (\u00e1gua, favas de soja* e cloreto de magn\u00e9sio (nigari)), amido de tapioca*, arroz integral cozido* (\u00e1gua, arroz integral*), azeite virgem extra* (7%), cebola*, prote\u00edna de soja texturizada*, pimento encarnado*, gelificantes: goma gellan e agar-agar, sal rosa dos himalaias, pimenta preta*, aroma natural. * Procedente de agricultura biol\u00f3gica.Modo de Utiliza\u00e7\u00e3o: Retirar da embalagem. Na frigideira-chapa: cozinhar em lume m\u00e9dio com umas gotas de azeite durante 2 minutos de cada lado.Dados Nutricionais: Declara\u00e7\u00e3o Nutricional por 100g: Energia: 925KJ\/221Kcal; L\u00edpidos: 9,4g; dos quais saturados: 1,5g; monoinsaturadas: 5,0g; poliinsaturadas: 2,7g; Hidratos de carbono: 21g; dos quais a\u00e7\u00facares: 2,9g; Fibra: 4,1g; Prote\u00ednas: 11g; Sal: 1,1g.","og_url":"https:\/\/www.biocabaz.pt\/web\/produto\/hamburguer-vegetal-de-boletus-soria-natural-2x100gr\/","og_site_name":"BIOCABAZ - CABAZES BIOL\u00d3GICOS","article_modified_time":"2024-08-06T10:41:06+00:00","og_image":[{"width":336,"height":336,"url":"https:\/\/www.biocabaz.pt\/web\/wp-conteudos\/uploads\/2021\/09\/hamburguer-vegetal-de-boletus-soria-natural-2x100gr.jpg","type":"image\/jpeg"}],"twitter_card":"summary_large_image","schema":{"@context":"https:\/\/schema.org","@graph":[{"@type":"WebPage","@id":"https:\/\/www.biocabaz.pt\/web\/produto\/hamburguer-vegetal-de-boletus-soria-natural-2x100gr\/","url":"https:\/\/www.biocabaz.pt\/web\/produto\/hamburguer-vegetal-de-boletus-soria-natural-2x100gr\/","name":"HAMBURGUER VEGETAL DE BOLETUS SORIA NATURAL 2X100GR","isPartOf":{"@id":"https:\/\/biocabaz.pt\/web\/en\/#website"},"primaryImageOfPage":{"@id":"https:\/\/www.biocabaz.pt\/web\/produto\/hamburguer-vegetal-de-boletus-soria-natural-2x100gr\/#primaryimage"},"image":{"@id":"https:\/\/www.biocabaz.pt\/web\/produto\/hamburguer-vegetal-de-boletus-soria-natural-2x100gr\/#primaryimage"},"thumbnailUrl":"https:\/\/www.biocabaz.pt\/web\/wp-conteudos\/uploads\/2021\/09\/hamburguer-vegetal-de-boletus-soria-natural-2x100gr.jpg","datePublished":"2021-09-02T17:42:58+00:00","dateModified":"2024-08-06T10:41:06+00:00","breadcrumb":{"@id":"https:\/\/www.biocabaz.pt\/web\/produto\/hamburguer-vegetal-de-boletus-soria-natural-2x100gr\/#breadcrumb"},"inLanguage":"pt-PT","potentialAction":[{"@type":"ReadAction","target":["https:\/\/www.biocabaz.pt\/web\/produto\/hamburguer-vegetal-de-boletus-soria-natural-2x100gr\/"]}]},{"@type":"ImageObject","inLanguage":"pt-PT","@id":"https:\/\/www.biocabaz.pt\/web\/produto\/hamburguer-vegetal-de-boletus-soria-natural-2x100gr\/#primaryimage","url":"https:\/\/www.biocabaz.pt\/web\/wp-conteudos\/uploads\/2021\/09\/hamburguer-vegetal-de-boletus-soria-natural-2x100gr.jpg","contentUrl":"https:\/\/www.biocabaz.pt\/web\/wp-conteudos\/uploads\/2021\/09\/hamburguer-vegetal-de-boletus-soria-natural-2x100gr.jpg","width":336,"height":336,"caption":"HAMBURGUER VEGETAL DE BOLETUS SORIA NATURAL 2X100GR"},{"@type":"BreadcrumbList","@id":"https:\/\/www.biocabaz.pt\/web\/produto\/hamburguer-vegetal-de-boletus-soria-natural-2x100gr\/#breadcrumb","itemListElement":[{"@type":"ListItem","position":1,"name":"Home","item":"https:\/\/biocabaz.pt\/web\/en\/"},{"@type":"ListItem","position":2,"name":"Shop","item":"https:\/\/biocabaz.pt\/web\/en\/shop\/"},{"@type":"ListItem","position":3,"name":"HAMBURGUER VEGETAL DE BOLETUS SORIA NATURAL 2X100GR"}]},{"@type":"WebSite","@id":"https:\/\/biocabaz.pt\/web\/en\/#website","url":"https:\/\/biocabaz.pt\/web\/en\/","name":"BIOCABAZ - CABAZES BIOL\u00d3GICOS","description":"O melhor que a terra d\u00e1 \u00e9 para si","potentialAction":[{"@type":"SearchAction","target":{"@type":"EntryPoint","urlTemplate":"https:\/\/biocabaz.pt\/web\/en\/?s={search_term_string}"},"query-input":{"@type":"PropertyValueSpecification","valueRequired":true,"valueName":"search_term_string"}}],"inLanguage":"pt-PT"}]}},"_links":{"self":[{"href":"https:\/\/www.biocabaz.pt\/web\/wp-json\/wp\/v2\/product\/75231","targetHints":{"allow":["GET"]}}],"collection":[{"href":"https:\/\/www.biocabaz.pt\/web\/wp-json\/wp\/v2\/product"}],"about":[{"href":"https:\/\/www.biocabaz.pt\/web\/wp-json\/wp\/v2\/types\/product"}],"replies":[{"embeddable":true,"href":"https:\/\/www.biocabaz.pt\/web\/wp-json\/wp\/v2\/comments?post=75231"}],"wp:featuredmedia":[{"embeddable":true,"href":"https:\/\/www.biocabaz.pt\/web\/wp-json\/wp\/v2\/media\/75232"}],"wp:attachment":[{"href":"https:\/\/www.biocabaz.pt\/web\/wp-json\/wp\/v2\/media?parent=75231"}],"wp:term":[{"taxonomy":"product_cat","embeddable":true,"href":"https:\/\/www.biocabaz.pt\/web\/wp-json\/wp\/v2\/product_cat?post=75231"},{"taxonomy":"product_tag","embeddable":true,"href":"https:\/\/www.biocabaz.pt\/web\/wp-json\/wp\/v2\/product_tag?post=75231"}],"curies":[{"name":"wp","href":"https:\/\/api.w.org\/{rel}","templated":true}]}}