{"id":74707,"date":"2021-08-25T10:39:30","date_gmt":"2021-08-25T10:39:30","guid":{"rendered":"https:\/\/www.biocabaz.pt\/web\/?post_type=product&#038;p=74707"},"modified":"2022-01-09T23:36:09","modified_gmt":"2022-01-09T23:36:09","slug":"escova-de-dentes-de-bambu-azul-para-criancas-nordics-oral-care","status":"publish","type":"product","link":"https:\/\/www.biocabaz.pt\/web\/produto\/escova-de-dentes-de-bambu-azul-para-criancas-nordics-oral-care\/","title":{"rendered":"Escova de dentes de bambu azul para crian\u00e7as, Nordics Oral Care"},"content":{"rendered":"","protected":false},"excerpt":{"rendered":"<p>Cabo 100% bambu, biodegrad\u00e1vel. Tamanho ideal para as crian\u00e7as. Com cerdas de nylon reciclado que limpam delicadamente os espa\u00e7os interdentais sem danificar o esmalte. Apresentado num estojo de papel reciclado. Adequado para vegans. Composi\u00e7\u00e3o:<br \/>\nAl\u00e7a de bambu 100% biodegrad\u00e1vel e de crescimento sustent\u00e1vel.<br \/>\nCerdas de nylon<\/p>\n","protected":false},"featured_media":74708,"comment_status":"closed","ping_status":"closed","template":"","meta":[],"product_cat":[93],"product_tag":[],"class_list":["post-74707","product","type-product","status-publish","has-post-thumbnail","hentry","product_cat-higiene-oral"],"bundle_layout":"","bundled_by":[],"bundled_items":[],"yoast_head":"<!-- This site is optimized with the Yoast SEO plugin v26.3 - https:\/\/yoast.com\/wordpress\/plugins\/seo\/ -->\n<title>Escova de dentes de bambu azul para crian\u00e7as, Nordics Oral Care<\/title>\n<meta name=\"robots\" content=\"index, follow, max-snippet:-1, max-image-preview:large, max-video-preview:-1\" \/>\n<link rel=\"canonical\" href=\"https:\/\/www.biocabaz.pt\/web\/produto\/escova-de-dentes-de-bambu-azul-para-criancas-nordics-oral-care\/\" \/>\n<meta property=\"og:locale\" content=\"pt_PT\" \/>\n<meta property=\"og:locale:alternate\" content=\"en_US\" \/>\n<meta property=\"og:type\" content=\"article\" \/>\n<meta property=\"og:title\" content=\"Escova de dentes de bambu azul para crian\u00e7as, Nordics Oral Care\" \/>\n<meta property=\"og:description\" content=\"Cabo 100% bambu, biodegrad\u00e1vel. Tamanho ideal para as crian\u00e7as. Com cerdas de nylon reciclado que limpam delicadamente os espa\u00e7os interdentais sem danificar o esmalte. Apresentado num estojo de papel reciclado. Adequado para vegans. Composi\u00e7\u00e3o: Al\u00e7a de bambu 100% biodegrad\u00e1vel e de crescimento sustent\u00e1vel. Cerdas de nylon\" \/>\n<meta property=\"og:url\" content=\"https:\/\/www.biocabaz.pt\/web\/produto\/escova-de-dentes-de-bambu-azul-para-criancas-nordics-oral-care\/\" \/>\n<meta property=\"og:site_name\" content=\"BIOCABAZ - CABAZES BIOL\u00d3GICOS\" \/>\n<meta property=\"article:modified_time\" content=\"2022-01-09T23:36:09+00:00\" \/>\n<meta property=\"og:image\" content=\"https:\/\/www.biocabaz.pt\/web\/wp-conteudos\/uploads\/2021\/08\/escova-de-dentes-de-bambu-azul-para-criancas-nordics-oral-care-e1629887955805.jpg\" \/>\n\t<meta property=\"og:image:width\" content=\"500\" \/>\n\t<meta property=\"og:image:height\" content=\"402\" \/>\n\t<meta property=\"og:image:type\" content=\"image\/jpeg\" \/>\n<meta name=\"twitter:card\" content=\"summary_large_image\" \/>\n<script type=\"application\/ld+json\" class=\"yoast-schema-graph\">{\"@context\":\"https:\/\/schema.org\",\"@graph\":[{\"@type\":\"WebPage\",\"@id\":\"https:\/\/www.biocabaz.pt\/web\/en\/produto\/escova-de-dentes-de-bambu-azul-para-criancas-nordics-oral-care\/\",\"url\":\"https:\/\/www.biocabaz.pt\/web\/en\/produto\/escova-de-dentes-de-bambu-azul-para-criancas-nordics-oral-care\/\",\"name\":\"Escova de dentes de bambu azul para crian\u00e7as, Nordics Oral Care\",\"isPartOf\":{\"@id\":\"https:\/\/www.biocabaz.pt\/web\/en\/#website\"},\"primaryImageOfPage\":{\"@id\":\"https:\/\/www.biocabaz.pt\/web\/en\/produto\/escova-de-dentes-de-bambu-azul-para-criancas-nordics-oral-care\/#primaryimage\"},\"image\":{\"@id\":\"https:\/\/www.biocabaz.pt\/web\/en\/produto\/escova-de-dentes-de-bambu-azul-para-criancas-nordics-oral-care\/#primaryimage\"},\"thumbnailUrl\":\"https:\/\/www.biocabaz.pt\/web\/wp-conteudos\/uploads\/2021\/08\/escova-de-dentes-de-bambu-azul-para-criancas-nordics-oral-care-e1629887955805.jpg\",\"datePublished\":\"2021-08-25T10:39:30+00:00\",\"dateModified\":\"2022-01-09T23:36:09+00:00\",\"breadcrumb\":{\"@id\":\"https:\/\/www.biocabaz.pt\/web\/en\/produto\/escova-de-dentes-de-bambu-azul-para-criancas-nordics-oral-care\/#breadcrumb\"},\"inLanguage\":\"pt-PT\",\"potentialAction\":[{\"@type\":\"ReadAction\",\"target\":[\"https:\/\/www.biocabaz.pt\/web\/en\/produto\/escova-de-dentes-de-bambu-azul-para-criancas-nordics-oral-care\/\"]}]},{\"@type\":\"ImageObject\",\"inLanguage\":\"pt-PT\",\"@id\":\"https:\/\/www.biocabaz.pt\/web\/en\/produto\/escova-de-dentes-de-bambu-azul-para-criancas-nordics-oral-care\/#primaryimage\",\"url\":\"https:\/\/www.biocabaz.pt\/web\/wp-conteudos\/uploads\/2021\/08\/escova-de-dentes-de-bambu-azul-para-criancas-nordics-oral-care-e1629887955805.jpg\",\"contentUrl\":\"https:\/\/www.biocabaz.pt\/web\/wp-conteudos\/uploads\/2021\/08\/escova-de-dentes-de-bambu-azul-para-criancas-nordics-oral-care-e1629887955805.jpg\",\"width\":500,\"height\":402,\"caption\":\"Escova de dentes de bambu azul para crian\u00e7as, Nordics Oral Care\"},{\"@type\":\"BreadcrumbList\",\"@id\":\"https:\/\/www.biocabaz.pt\/web\/en\/produto\/escova-de-dentes-de-bambu-azul-para-criancas-nordics-oral-care\/#breadcrumb\",\"itemListElement\":[{\"@type\":\"ListItem\",\"position\":1,\"name\":\"Home\",\"item\":\"https:\/\/www.biocabaz.pt\/web\/en\/\"},{\"@type\":\"ListItem\",\"position\":2,\"name\":\"Shop\",\"item\":\"https:\/\/www.biocabaz.pt\/web\/en\/shop\/\"},{\"@type\":\"ListItem\",\"position\":3,\"name\":\"NORDICS BAMBOO KIDS TOOTHBRUSH BLUE\"}]},{\"@type\":\"WebSite\",\"@id\":\"https:\/\/www.biocabaz.pt\/web\/en\/#website\",\"url\":\"https:\/\/www.biocabaz.pt\/web\/en\/\",\"name\":\"BIOCABAZ - CABAZES BIOL\u00d3GICOS\",\"description\":\"O melhor que a terra d\u00e1 \u00e9 para si\",\"potentialAction\":[{\"@type\":\"SearchAction\",\"target\":{\"@type\":\"EntryPoint\",\"urlTemplate\":\"https:\/\/www.biocabaz.pt\/web\/en\/?s={search_term_string}\"},\"query-input\":{\"@type\":\"PropertyValueSpecification\",\"valueRequired\":true,\"valueName\":\"search_term_string\"}}],\"inLanguage\":\"pt-PT\"}]}<\/script>\n<!-- \/ Yoast SEO plugin. -->","yoast_head_json":{"title":"Escova de dentes de bambu azul para crian\u00e7as, Nordics Oral Care","robots":{"index":"index","follow":"follow","max-snippet":"max-snippet:-1","max-image-preview":"max-image-preview:large","max-video-preview":"max-video-preview:-1"},"canonical":"https:\/\/www.biocabaz.pt\/web\/produto\/escova-de-dentes-de-bambu-azul-para-criancas-nordics-oral-care\/","og_locale":"pt_PT","og_type":"article","og_title":"[:pt]Escova de dentes de bambu azul para crian\u00e7as, Nordics Oral Care[:en]NORDICS BAMBOO KIDS TOOTHBRUSH BLUE[:] - BIOCABAZ - CABAZES BIOL\u00d3GICOS","og_description":"Cabo 100% bambu, biodegrad\u00e1vel. Tamanho ideal para as crian\u00e7as. Com cerdas de nylon reciclado que limpam delicadamente os espa\u00e7os interdentais sem danificar o esmalte. Apresentado num estojo de papel reciclado. Adequado para vegans. Composi\u00e7\u00e3o: Al\u00e7a de bambu 100% biodegrad\u00e1vel e de crescimento sustent\u00e1vel. Cerdas de nylon","og_url":"https:\/\/www.biocabaz.pt\/web\/produto\/escova-de-dentes-de-bambu-azul-para-criancas-nordics-oral-care\/","og_site_name":"BIOCABAZ - CABAZES BIOL\u00d3GICOS","article_modified_time":"2022-01-09T23:36:09+00:00","og_image":[{"width":500,"height":402,"url":"https:\/\/www.biocabaz.pt\/web\/wp-conteudos\/uploads\/2021\/08\/escova-de-dentes-de-bambu-azul-para-criancas-nordics-oral-care-e1629887955805.jpg","type":"image\/jpeg"}],"twitter_card":"summary_large_image","schema":{"@context":"https:\/\/schema.org","@graph":[{"@type":"WebPage","@id":"https:\/\/www.biocabaz.pt\/web\/en\/produto\/escova-de-dentes-de-bambu-azul-para-criancas-nordics-oral-care\/","url":"https:\/\/www.biocabaz.pt\/web\/en\/produto\/escova-de-dentes-de-bambu-azul-para-criancas-nordics-oral-care\/","name":"Escova de dentes de bambu azul para crian\u00e7as, Nordics Oral Care","isPartOf":{"@id":"https:\/\/www.biocabaz.pt\/web\/en\/#website"},"primaryImageOfPage":{"@id":"https:\/\/www.biocabaz.pt\/web\/en\/produto\/escova-de-dentes-de-bambu-azul-para-criancas-nordics-oral-care\/#primaryimage"},"image":{"@id":"https:\/\/www.biocabaz.pt\/web\/en\/produto\/escova-de-dentes-de-bambu-azul-para-criancas-nordics-oral-care\/#primaryimage"},"thumbnailUrl":"https:\/\/www.biocabaz.pt\/web\/wp-conteudos\/uploads\/2021\/08\/escova-de-dentes-de-bambu-azul-para-criancas-nordics-oral-care-e1629887955805.jpg","datePublished":"2021-08-25T10:39:30+00:00","dateModified":"2022-01-09T23:36:09+00:00","breadcrumb":{"@id":"https:\/\/www.biocabaz.pt\/web\/en\/produto\/escova-de-dentes-de-bambu-azul-para-criancas-nordics-oral-care\/#breadcrumb"},"inLanguage":"pt-PT","potentialAction":[{"@type":"ReadAction","target":["https:\/\/www.biocabaz.pt\/web\/en\/produto\/escova-de-dentes-de-bambu-azul-para-criancas-nordics-oral-care\/"]}]},{"@type":"ImageObject","inLanguage":"pt-PT","@id":"https:\/\/www.biocabaz.pt\/web\/en\/produto\/escova-de-dentes-de-bambu-azul-para-criancas-nordics-oral-care\/#primaryimage","url":"https:\/\/www.biocabaz.pt\/web\/wp-conteudos\/uploads\/2021\/08\/escova-de-dentes-de-bambu-azul-para-criancas-nordics-oral-care-e1629887955805.jpg","contentUrl":"https:\/\/www.biocabaz.pt\/web\/wp-conteudos\/uploads\/2021\/08\/escova-de-dentes-de-bambu-azul-para-criancas-nordics-oral-care-e1629887955805.jpg","width":500,"height":402,"caption":"Escova de dentes de bambu azul para crian\u00e7as, Nordics Oral Care"},{"@type":"BreadcrumbList","@id":"https:\/\/www.biocabaz.pt\/web\/en\/produto\/escova-de-dentes-de-bambu-azul-para-criancas-nordics-oral-care\/#breadcrumb","itemListElement":[{"@type":"ListItem","position":1,"name":"Home","item":"https:\/\/www.biocabaz.pt\/web\/en\/"},{"@type":"ListItem","position":2,"name":"Shop","item":"https:\/\/www.biocabaz.pt\/web\/en\/shop\/"},{"@type":"ListItem","position":3,"name":"NORDICS BAMBOO KIDS TOOTHBRUSH BLUE"}]},{"@type":"WebSite","@id":"https:\/\/www.biocabaz.pt\/web\/en\/#website","url":"https:\/\/www.biocabaz.pt\/web\/en\/","name":"BIOCABAZ - CABAZES BIOL\u00d3GICOS","description":"O melhor que a terra d\u00e1 \u00e9 para si","potentialAction":[{"@type":"SearchAction","target":{"@type":"EntryPoint","urlTemplate":"https:\/\/www.biocabaz.pt\/web\/en\/?s={search_term_string}"},"query-input":{"@type":"PropertyValueSpecification","valueRequired":true,"valueName":"search_term_string"}}],"inLanguage":"pt-PT"}]}},"_links":{"self":[{"href":"https:\/\/www.biocabaz.pt\/web\/wp-json\/wp\/v2\/product\/74707","targetHints":{"allow":["GET"]}}],"collection":[{"href":"https:\/\/www.biocabaz.pt\/web\/wp-json\/wp\/v2\/product"}],"about":[{"href":"https:\/\/www.biocabaz.pt\/web\/wp-json\/wp\/v2\/types\/product"}],"replies":[{"embeddable":true,"href":"https:\/\/www.biocabaz.pt\/web\/wp-json\/wp\/v2\/comments?post=74707"}],"wp:featuredmedia":[{"embeddable":true,"href":"https:\/\/www.biocabaz.pt\/web\/wp-json\/wp\/v2\/media\/74708"}],"wp:attachment":[{"href":"https:\/\/www.biocabaz.pt\/web\/wp-json\/wp\/v2\/media?parent=74707"}],"wp:term":[{"taxonomy":"product_cat","embeddable":true,"href":"https:\/\/www.biocabaz.pt\/web\/wp-json\/wp\/v2\/product_cat?post=74707"},{"taxonomy":"product_tag","embeddable":true,"href":"https:\/\/www.biocabaz.pt\/web\/wp-json\/wp\/v2\/product_tag?post=74707"}],"curies":[{"name":"wp","href":"https:\/\/api.w.org\/{rel}","templated":true}]}}