{"id":2149,"date":"2016-09-10T10:07:12","date_gmt":"2016-09-10T10:07:12","guid":{"rendered":"http:\/\/www.biocabaz.com\/web\/produto\/agua-monchique-5l\/"},"modified":"2020-11-03T12:51:24","modified_gmt":"2020-11-03T12:51:24","slug":"agua-monchique-5l","status":"publish","type":"product","link":"https:\/\/www.biocabaz.pt\/web\/produto\/agua-monchique-5l\/","title":{"rendered":"\u00c1GUA MONCHIQUE 5L (LIMITE DE 2 UNIDADES POR ENCOMENDA)"},"content":{"rendered":"<p><strong>Descri\u00e7\u00e3o <\/strong><br \/>\n\u00c1gua alcalina Monchique cont\u00e9m um ph de 9,5 e antioxidante, de acordo com in\u00fameros estudos \u00e9 a \u00e1gua mineral de mola mais alcalina do mundo dentro dos limites recomendados pela DC 98\/83 CE. Por tudo isso, pode ser considerado como a fonte da juventude e \u00e9 ideal para atletas. Com esta \u00e1gua, voc\u00ea pode seguir a dieta alcalina e aumentar o pH do seu corpo, a fim de prevenir e prevenir doen\u00e7as.<\/p>\n<p><strong>Dados Nutricionais<\/strong><br \/>\nComposi\u00e7\u00e3o i\u00f4nica: S\u00f3dio 105,00 mg \/ l;<br \/>\nPot\u00e1ssio 2,00 mg \/ l;<br \/>\nC\u00e1lcio 1,10 mg \/ l;<br \/>\nMagn\u00e9sio 0,05 mg \/ l;<br \/>\nL\u00edtio 0,20 mg \/ l;<br \/>\nBicarbonato 106,00 mg \/ l;<br \/>\nSulfato 59,00 mg \/ l;<br \/>\nClorito 39,60 mg \/ l<br \/>\nFluorita 1.270 mg \/ l.<\/p>\n<p><strong>Modo Utiliza\u00e7\u00e3o<\/strong><\/p>\n","protected":false},"excerpt":{"rendered":"<p>Descri\u00e7\u00e3o \u00c1gua alcalina Monchique cont\u00e9m um ph de 9,5 e antioxidante, de acordo com in\u00fameros estudos \u00e9 a \u00e1gua mineral de mola mais alcalina do mundo dentro dos limites recomendados pela DC 98\/83 CE. Por tudo isso, pode ser considerado como a fonte da juventude e \u00e9 ideal para atletas. Com esta \u00e1gua, voc\u00ea pode [&hellip;]<\/p>\n","protected":false},"featured_media":55776,"comment_status":"closed","ping_status":"closed","template":"","meta":[],"product_cat":[64],"product_tag":[],"class_list":["post-2149","product","type-product","status-publish","has-post-thumbnail","hentry","product_cat-aguas"],"bundle_layout":"","bundled_by":[],"bundled_items":[],"yoast_head":"<!-- This site is optimized with the Yoast SEO plugin v26.3 - https:\/\/yoast.com\/wordpress\/plugins\/seo\/ -->\n<title>\u00c1GUA MONCHIQUE 5L (LIMITE DE 2 UNIDADES POR ENCOMENDA)<\/title>\n<meta name=\"description\" content=\"\u00c1GUA MONCHIQUE 5L\" \/>\n<meta name=\"robots\" content=\"index, follow, max-snippet:-1, max-image-preview:large, max-video-preview:-1\" \/>\n<link rel=\"canonical\" href=\"https:\/\/www.biocabaz.pt\/web\/produto\/agua-monchique-5l\/\" \/>\n<meta property=\"og:locale\" content=\"pt_PT\" \/>\n<meta property=\"og:locale:alternate\" content=\"en_US\" \/>\n<meta property=\"og:type\" content=\"article\" \/>\n<meta property=\"og:title\" content=\"\u00c1GUA MONCHIQUE 5L (LIMITE DE 2 UNIDADES POR ENCOMENDA)\" \/>\n<meta property=\"og:description\" content=\"\u00c1GUA MONCHIQUE 5L\" \/>\n<meta property=\"og:url\" content=\"https:\/\/www.biocabaz.pt\/web\/produto\/agua-monchique-5l\/\" \/>\n<meta property=\"og:site_name\" content=\"BIOCABAZ - CABAZES BIOL\u00d3GICOS\" \/>\n<meta property=\"article:modified_time\" content=\"2020-11-03T12:51:24+00:00\" \/>\n<meta property=\"og:image\" content=\"https:\/\/www.biocabaz.pt\/web\/wp-conteudos\/uploads\/2016\/09\/conjunto-garrafas-rgb-scaled-e1604407846506.jpg\" \/>\n\t<meta property=\"og:image:width\" content=\"500\" \/>\n\t<meta property=\"og:image:height\" content=\"1017\" \/>\n\t<meta property=\"og:image:type\" content=\"image\/jpeg\" \/>\n<meta name=\"twitter:card\" content=\"summary_large_image\" \/>\n<meta name=\"twitter:label1\" content=\"Est. reading time\" \/>\n\t<meta name=\"twitter:data1\" content=\"1 minuto\" \/>\n<script type=\"application\/ld+json\" class=\"yoast-schema-graph\">{\"@context\":\"https:\/\/schema.org\",\"@graph\":[{\"@type\":\"WebPage\",\"@id\":\"https:\/\/www.biocabaz.pt\/web\/produto\/agua-monchique-5l\/\",\"url\":\"https:\/\/www.biocabaz.pt\/web\/produto\/agua-monchique-5l\/\",\"name\":\"\u00c1GUA MONCHIQUE 5L (LIMITE DE 2 UNIDADES POR ENCOMENDA)\",\"isPartOf\":{\"@id\":\"https:\/\/biocabaz.pt\/web\/#website\"},\"primaryImageOfPage\":{\"@id\":\"https:\/\/www.biocabaz.pt\/web\/produto\/agua-monchique-5l\/#primaryimage\"},\"image\":{\"@id\":\"https:\/\/www.biocabaz.pt\/web\/produto\/agua-monchique-5l\/#primaryimage\"},\"thumbnailUrl\":\"https:\/\/www.biocabaz.pt\/web\/wp-conteudos\/uploads\/2016\/09\/conjunto-garrafas-rgb-scaled-e1604407846506.jpg\",\"datePublished\":\"2016-09-10T10:07:12+00:00\",\"dateModified\":\"2020-11-03T12:51:24+00:00\",\"description\":\"\u00c1GUA MONCHIQUE 5L\",\"breadcrumb\":{\"@id\":\"https:\/\/www.biocabaz.pt\/web\/produto\/agua-monchique-5l\/#breadcrumb\"},\"inLanguage\":\"pt-PT\",\"potentialAction\":[{\"@type\":\"ReadAction\",\"target\":[\"https:\/\/www.biocabaz.pt\/web\/produto\/agua-monchique-5l\/\"]}]},{\"@type\":\"ImageObject\",\"inLanguage\":\"pt-PT\",\"@id\":\"https:\/\/www.biocabaz.pt\/web\/produto\/agua-monchique-5l\/#primaryimage\",\"url\":\"https:\/\/www.biocabaz.pt\/web\/wp-conteudos\/uploads\/2016\/09\/conjunto-garrafas-rgb-scaled-e1604407846506.jpg\",\"contentUrl\":\"https:\/\/www.biocabaz.pt\/web\/wp-conteudos\/uploads\/2016\/09\/conjunto-garrafas-rgb-scaled-e1604407846506.jpg\",\"width\":500,\"height\":1017,\"caption\":\"agua monchique 5l\"},{\"@type\":\"BreadcrumbList\",\"@id\":\"https:\/\/www.biocabaz.pt\/web\/produto\/agua-monchique-5l\/#breadcrumb\",\"itemListElement\":[{\"@type\":\"ListItem\",\"position\":1,\"name\":\"Home\",\"item\":\"https:\/\/biocabaz.pt\/web\/\"},{\"@type\":\"ListItem\",\"position\":2,\"name\":\"Loja\",\"item\":\"https:\/\/biocabaz.pt\/web\/shop\/\"},{\"@type\":\"ListItem\",\"position\":3,\"name\":\"\u00c1GUA MONCHIQUE 5L (LIMITE DE 2 UNIDADES POR ENCOMENDA)\"}]},{\"@type\":\"WebSite\",\"@id\":\"https:\/\/biocabaz.pt\/web\/#website\",\"url\":\"https:\/\/biocabaz.pt\/web\/\",\"name\":\"BIOCABAZ - CABAZES BIOL\u00d3GICOS\",\"description\":\"O melhor que a terra d\u00e1 \u00e9 para si\",\"potentialAction\":[{\"@type\":\"SearchAction\",\"target\":{\"@type\":\"EntryPoint\",\"urlTemplate\":\"https:\/\/biocabaz.pt\/web\/?s={search_term_string}\"},\"query-input\":{\"@type\":\"PropertyValueSpecification\",\"valueRequired\":true,\"valueName\":\"search_term_string\"}}],\"inLanguage\":\"pt-PT\"}]}<\/script>\n<!-- \/ Yoast SEO plugin. -->","yoast_head_json":{"title":"\u00c1GUA MONCHIQUE 5L (LIMITE DE 2 UNIDADES POR ENCOMENDA)","description":"\u00c1GUA MONCHIQUE 5L","robots":{"index":"index","follow":"follow","max-snippet":"max-snippet:-1","max-image-preview":"max-image-preview:large","max-video-preview":"max-video-preview:-1"},"canonical":"https:\/\/www.biocabaz.pt\/web\/produto\/agua-monchique-5l\/","og_locale":"pt_PT","og_type":"article","og_title":"[:en]MONCHIQUE WATER 5L[:pt]\u00c1GUA MONCHIQUE 5L (LIMITE DE 2 UNIDADES POR ENCOMENDA)[:] - BIOCABAZ - CABAZES BIOL\u00d3GICOS","og_description":"\u00c1GUA MONCHIQUE 5L","og_url":"https:\/\/www.biocabaz.pt\/web\/produto\/agua-monchique-5l\/","og_site_name":"BIOCABAZ - CABAZES BIOL\u00d3GICOS","article_modified_time":"2020-11-03T12:51:24+00:00","og_image":[{"width":500,"height":1017,"url":"https:\/\/www.biocabaz.pt\/web\/wp-conteudos\/uploads\/2016\/09\/conjunto-garrafas-rgb-scaled-e1604407846506.jpg","type":"image\/jpeg"}],"twitter_card":"summary_large_image","twitter_misc":{"Est. reading time":"1 minuto"},"schema":{"@context":"https:\/\/schema.org","@graph":[{"@type":"WebPage","@id":"https:\/\/www.biocabaz.pt\/web\/produto\/agua-monchique-5l\/","url":"https:\/\/www.biocabaz.pt\/web\/produto\/agua-monchique-5l\/","name":"\u00c1GUA MONCHIQUE 5L (LIMITE DE 2 UNIDADES POR ENCOMENDA)","isPartOf":{"@id":"https:\/\/biocabaz.pt\/web\/#website"},"primaryImageOfPage":{"@id":"https:\/\/www.biocabaz.pt\/web\/produto\/agua-monchique-5l\/#primaryimage"},"image":{"@id":"https:\/\/www.biocabaz.pt\/web\/produto\/agua-monchique-5l\/#primaryimage"},"thumbnailUrl":"https:\/\/www.biocabaz.pt\/web\/wp-conteudos\/uploads\/2016\/09\/conjunto-garrafas-rgb-scaled-e1604407846506.jpg","datePublished":"2016-09-10T10:07:12+00:00","dateModified":"2020-11-03T12:51:24+00:00","description":"\u00c1GUA MONCHIQUE 5L","breadcrumb":{"@id":"https:\/\/www.biocabaz.pt\/web\/produto\/agua-monchique-5l\/#breadcrumb"},"inLanguage":"pt-PT","potentialAction":[{"@type":"ReadAction","target":["https:\/\/www.biocabaz.pt\/web\/produto\/agua-monchique-5l\/"]}]},{"@type":"ImageObject","inLanguage":"pt-PT","@id":"https:\/\/www.biocabaz.pt\/web\/produto\/agua-monchique-5l\/#primaryimage","url":"https:\/\/www.biocabaz.pt\/web\/wp-conteudos\/uploads\/2016\/09\/conjunto-garrafas-rgb-scaled-e1604407846506.jpg","contentUrl":"https:\/\/www.biocabaz.pt\/web\/wp-conteudos\/uploads\/2016\/09\/conjunto-garrafas-rgb-scaled-e1604407846506.jpg","width":500,"height":1017,"caption":"agua monchique 5l"},{"@type":"BreadcrumbList","@id":"https:\/\/www.biocabaz.pt\/web\/produto\/agua-monchique-5l\/#breadcrumb","itemListElement":[{"@type":"ListItem","position":1,"name":"Home","item":"https:\/\/biocabaz.pt\/web\/"},{"@type":"ListItem","position":2,"name":"Loja","item":"https:\/\/biocabaz.pt\/web\/shop\/"},{"@type":"ListItem","position":3,"name":"\u00c1GUA MONCHIQUE 5L (LIMITE DE 2 UNIDADES POR ENCOMENDA)"}]},{"@type":"WebSite","@id":"https:\/\/biocabaz.pt\/web\/#website","url":"https:\/\/biocabaz.pt\/web\/","name":"BIOCABAZ - CABAZES BIOL\u00d3GICOS","description":"O melhor que a terra d\u00e1 \u00e9 para si","potentialAction":[{"@type":"SearchAction","target":{"@type":"EntryPoint","urlTemplate":"https:\/\/biocabaz.pt\/web\/?s={search_term_string}"},"query-input":{"@type":"PropertyValueSpecification","valueRequired":true,"valueName":"search_term_string"}}],"inLanguage":"pt-PT"}]}},"_links":{"self":[{"href":"https:\/\/www.biocabaz.pt\/web\/wp-json\/wp\/v2\/product\/2149","targetHints":{"allow":["GET"]}}],"collection":[{"href":"https:\/\/www.biocabaz.pt\/web\/wp-json\/wp\/v2\/product"}],"about":[{"href":"https:\/\/www.biocabaz.pt\/web\/wp-json\/wp\/v2\/types\/product"}],"replies":[{"embeddable":true,"href":"https:\/\/www.biocabaz.pt\/web\/wp-json\/wp\/v2\/comments?post=2149"}],"wp:featuredmedia":[{"embeddable":true,"href":"https:\/\/www.biocabaz.pt\/web\/wp-json\/wp\/v2\/media\/55776"}],"wp:attachment":[{"href":"https:\/\/www.biocabaz.pt\/web\/wp-json\/wp\/v2\/media?parent=2149"}],"wp:term":[{"taxonomy":"product_cat","embeddable":true,"href":"https:\/\/www.biocabaz.pt\/web\/wp-json\/wp\/v2\/product_cat?post=2149"},{"taxonomy":"product_tag","embeddable":true,"href":"https:\/\/www.biocabaz.pt\/web\/wp-json\/wp\/v2\/product_tag?post=2149"}],"curies":[{"name":"wp","href":"https:\/\/api.w.org\/{rel}","templated":true}]}}