{"id":1897,"date":"2016-07-24T22:23:54","date_gmt":"2016-07-24T22:23:54","guid":{"rendered":"http:\/\/www.biocabaz.com\/web\/produto\/chocolate-escuro-99-cacau-80grs\/"},"modified":"2025-03-26T22:15:49","modified_gmt":"2025-03-26T22:15:49","slug":"chocolate-escuro-99-cacau-80grs-vivani","status":"publish","type":"product","link":"https:\/\/www.biocabaz.pt\/web\/produto\/chocolate-escuro-99-cacau-80grs-vivani\/","title":{"rendered":"CHOCOLATE ESCURO BIO 99% CACAU 80GRS VIVANI"},"content":{"rendered":"<p><strong>Descri\u00e7\u00e3o <\/strong><br \/>\n\t\t\t\tIngredientes: massa de cacau* (Panam\u00e1), manteiga de cacau*, a\u00e7\u00facar de coco*. Cacau: no m\u00ednimo 99% .*=de agricultura biol\u00f3gica controlada. Alerg\u00e9nios: Pode conter vest\u00edgios de leite, frutos de casca rija e gl\u00faten.<\/p>\n<p><strong>Dados Nutricionais<\/strong><br \/>\n\t\t\t\tDeclara\u00e7\u00e3o Nutricional por 100g:<br \/> Energia: 2768 KJ\/ 672 kcal;<br \/> L\u00edpidos: 64,30g &#8211; dos quais \u00e1cidos gordos saturados: 40,50g;<br \/> hidratos de carbono: 7,40g &#8211; dos quais a\u00e7\u00facares: 0,50g;<br \/> Prote\u00ednas: 8,80g;<br \/> sal: 0,02g.<\/p>\n<p><strong>Modo Utiliza\u00e7\u00e3o<\/strong><br \/>Conservar em local seco e fresco.<\/p>\n","protected":false},"excerpt":{"rendered":"<p>Descri\u00e7\u00e3o Ingredientes: massa de cacau* (Panam\u00e1), manteiga de cacau*, a\u00e7\u00facar de coco*. Cacau: no m\u00ednimo 99% .*=de agricultura biol\u00f3gica controlada. Alerg\u00e9nios: Pode conter vest\u00edgios de leite, frutos de casca rija e gl\u00faten. Dados Nutricionais Declara\u00e7\u00e3o Nutricional por 100g: Energia: 2768 KJ\/ 672 kcal; L\u00edpidos: 64,30g &#8211; dos quais \u00e1cidos gordos saturados: 40,50g; hidratos de carbono: [&hellip;]<\/p>\n","protected":false},"featured_media":11327,"comment_status":"closed","ping_status":"closed","template":"","meta":[],"product_cat":[31],"product_tag":[],"class_list":["post-1897","product","type-product","status-publish","has-post-thumbnail","hentry","product_cat-chocolates"],"bundle_layout":"","bundled_by":[],"bundled_items":[],"yoast_head":"<!-- This site is optimized with the Yoast SEO plugin v26.3 - https:\/\/yoast.com\/wordpress\/plugins\/seo\/ -->\n<title>CHOCOLATE ESCURO BIO 99% CACAU 80GRS VIVANI<\/title>\n<meta name=\"description\" content=\"CHOCOLATE ESCURO 99% CACAU 80GRS VIVANI\" \/>\n<meta name=\"robots\" content=\"index, follow, max-snippet:-1, max-image-preview:large, max-video-preview:-1\" \/>\n<link rel=\"canonical\" href=\"https:\/\/www.biocabaz.pt\/web\/produto\/chocolate-escuro-99-cacau-80grs-vivani\/\" \/>\n<meta property=\"og:locale\" content=\"pt_PT\" \/>\n<meta property=\"og:locale:alternate\" content=\"en_US\" \/>\n<meta property=\"og:type\" content=\"article\" \/>\n<meta property=\"og:title\" content=\"CHOCOLATE ESCURO BIO 99% CACAU 80GRS VIVANI\" \/>\n<meta property=\"og:description\" content=\"CHOCOLATE ESCURO 99% CACAU 80GRS VIVANI\" \/>\n<meta property=\"og:url\" content=\"https:\/\/www.biocabaz.pt\/web\/produto\/chocolate-escuro-99-cacau-80grs-vivani\/\" \/>\n<meta property=\"og:site_name\" content=\"BIOCABAZ - CABAZES BIOL\u00d3GICOS\" \/>\n<meta property=\"article:modified_time\" content=\"2025-03-26T22:15:49+00:00\" \/>\n<meta property=\"og:image\" content=\"https:\/\/www.biocabaz.pt\/web\/wp-conteudos\/uploads\/2016\/07\/CHOCOLATE-ESCURO-99-CACAU-80GRS-VIVANI-e1545922462118.jpg\" \/>\n\t<meta property=\"og:image:width\" content=\"600\" \/>\n\t<meta property=\"og:image:height\" content=\"600\" \/>\n\t<meta property=\"og:image:type\" content=\"image\/jpeg\" \/>\n<meta name=\"twitter:card\" content=\"summary_large_image\" \/>\n<meta name=\"twitter:label1\" content=\"Est. reading time\" \/>\n\t<meta name=\"twitter:data1\" content=\"1 minuto\" \/>\n<script type=\"application\/ld+json\" class=\"yoast-schema-graph\">{\"@context\":\"https:\/\/schema.org\",\"@graph\":[{\"@type\":\"WebPage\",\"@id\":\"https:\/\/www.biocabaz.pt\/web\/produto\/chocolate-escuro-99-cacau-80grs-vivani\/\",\"url\":\"https:\/\/www.biocabaz.pt\/web\/produto\/chocolate-escuro-99-cacau-80grs-vivani\/\",\"name\":\"CHOCOLATE ESCURO BIO 99% CACAU 80GRS VIVANI\",\"isPartOf\":{\"@id\":\"https:\/\/biocabaz.pt\/web\/en\/#website\"},\"primaryImageOfPage\":{\"@id\":\"https:\/\/www.biocabaz.pt\/web\/produto\/chocolate-escuro-99-cacau-80grs-vivani\/#primaryimage\"},\"image\":{\"@id\":\"https:\/\/www.biocabaz.pt\/web\/produto\/chocolate-escuro-99-cacau-80grs-vivani\/#primaryimage\"},\"thumbnailUrl\":\"https:\/\/www.biocabaz.pt\/web\/wp-conteudos\/uploads\/2016\/07\/CHOCOLATE-ESCURO-99-CACAU-80GRS-VIVANI-e1545922462118.jpg\",\"datePublished\":\"2016-07-24T22:23:54+00:00\",\"dateModified\":\"2025-03-26T22:15:49+00:00\",\"description\":\"CHOCOLATE ESCURO 99% CACAU 80GRS VIVANI\",\"breadcrumb\":{\"@id\":\"https:\/\/www.biocabaz.pt\/web\/produto\/chocolate-escuro-99-cacau-80grs-vivani\/#breadcrumb\"},\"inLanguage\":\"pt-PT\",\"potentialAction\":[{\"@type\":\"ReadAction\",\"target\":[\"https:\/\/www.biocabaz.pt\/web\/produto\/chocolate-escuro-99-cacau-80grs-vivani\/\"]}]},{\"@type\":\"ImageObject\",\"inLanguage\":\"pt-PT\",\"@id\":\"https:\/\/www.biocabaz.pt\/web\/produto\/chocolate-escuro-99-cacau-80grs-vivani\/#primaryimage\",\"url\":\"https:\/\/www.biocabaz.pt\/web\/wp-conteudos\/uploads\/2016\/07\/CHOCOLATE-ESCURO-99-CACAU-80GRS-VIVANI-e1545922462118.jpg\",\"contentUrl\":\"https:\/\/www.biocabaz.pt\/web\/wp-conteudos\/uploads\/2016\/07\/CHOCOLATE-ESCURO-99-CACAU-80GRS-VIVANI-e1545922462118.jpg\",\"width\":600,\"height\":600,\"caption\":\"CHOCOLATE ESCURO 99% CACAU 80GRS VIVANI\"},{\"@type\":\"BreadcrumbList\",\"@id\":\"https:\/\/www.biocabaz.pt\/web\/produto\/chocolate-escuro-99-cacau-80grs-vivani\/#breadcrumb\",\"itemListElement\":[{\"@type\":\"ListItem\",\"position\":1,\"name\":\"Home\",\"item\":\"https:\/\/biocabaz.pt\/web\/en\/\"},{\"@type\":\"ListItem\",\"position\":2,\"name\":\"Shop\",\"item\":\"https:\/\/biocabaz.pt\/web\/en\/shop\/\"},{\"@type\":\"ListItem\",\"position\":3,\"name\":\"CHOCOLATE ESCURO BIO 99% CACAU 80GRS VIVANI\"}]},{\"@type\":\"WebSite\",\"@id\":\"https:\/\/biocabaz.pt\/web\/en\/#website\",\"url\":\"https:\/\/biocabaz.pt\/web\/en\/\",\"name\":\"BIOCABAZ - CABAZES BIOL\u00d3GICOS\",\"description\":\"O melhor que a terra d\u00e1 \u00e9 para si\",\"potentialAction\":[{\"@type\":\"SearchAction\",\"target\":{\"@type\":\"EntryPoint\",\"urlTemplate\":\"https:\/\/biocabaz.pt\/web\/en\/?s={search_term_string}\"},\"query-input\":{\"@type\":\"PropertyValueSpecification\",\"valueRequired\":true,\"valueName\":\"search_term_string\"}}],\"inLanguage\":\"pt-PT\"}]}<\/script>\n<!-- \/ Yoast SEO plugin. -->","yoast_head_json":{"title":"CHOCOLATE ESCURO BIO 99% CACAU 80GRS VIVANI","description":"CHOCOLATE ESCURO 99% CACAU 80GRS VIVANI","robots":{"index":"index","follow":"follow","max-snippet":"max-snippet:-1","max-image-preview":"max-image-preview:large","max-video-preview":"max-video-preview:-1"},"canonical":"https:\/\/www.biocabaz.pt\/web\/produto\/chocolate-escuro-99-cacau-80grs-vivani\/","og_locale":"pt_PT","og_type":"article","og_title":"[:en]VIVANI ORGANIC DARK CHOCOLATE (99% COCOA) 80GR[:pt]CHOCOLATE ESCURO BIO 99% CACAU 80GRS VIVANI[:] - BIOCABAZ - CABAZES BIOL\u00d3GICOS","og_description":"CHOCOLATE ESCURO 99% CACAU 80GRS VIVANI","og_url":"https:\/\/www.biocabaz.pt\/web\/produto\/chocolate-escuro-99-cacau-80grs-vivani\/","og_site_name":"BIOCABAZ - CABAZES BIOL\u00d3GICOS","article_modified_time":"2025-03-26T22:15:49+00:00","og_image":[{"width":600,"height":600,"url":"https:\/\/www.biocabaz.pt\/web\/wp-conteudos\/uploads\/2016\/07\/CHOCOLATE-ESCURO-99-CACAU-80GRS-VIVANI-e1545922462118.jpg","type":"image\/jpeg"}],"twitter_card":"summary_large_image","twitter_misc":{"Est. reading time":"1 minuto"},"schema":{"@context":"https:\/\/schema.org","@graph":[{"@type":"WebPage","@id":"https:\/\/www.biocabaz.pt\/web\/produto\/chocolate-escuro-99-cacau-80grs-vivani\/","url":"https:\/\/www.biocabaz.pt\/web\/produto\/chocolate-escuro-99-cacau-80grs-vivani\/","name":"CHOCOLATE ESCURO BIO 99% CACAU 80GRS VIVANI","isPartOf":{"@id":"https:\/\/biocabaz.pt\/web\/en\/#website"},"primaryImageOfPage":{"@id":"https:\/\/www.biocabaz.pt\/web\/produto\/chocolate-escuro-99-cacau-80grs-vivani\/#primaryimage"},"image":{"@id":"https:\/\/www.biocabaz.pt\/web\/produto\/chocolate-escuro-99-cacau-80grs-vivani\/#primaryimage"},"thumbnailUrl":"https:\/\/www.biocabaz.pt\/web\/wp-conteudos\/uploads\/2016\/07\/CHOCOLATE-ESCURO-99-CACAU-80GRS-VIVANI-e1545922462118.jpg","datePublished":"2016-07-24T22:23:54+00:00","dateModified":"2025-03-26T22:15:49+00:00","description":"CHOCOLATE ESCURO 99% CACAU 80GRS VIVANI","breadcrumb":{"@id":"https:\/\/www.biocabaz.pt\/web\/produto\/chocolate-escuro-99-cacau-80grs-vivani\/#breadcrumb"},"inLanguage":"pt-PT","potentialAction":[{"@type":"ReadAction","target":["https:\/\/www.biocabaz.pt\/web\/produto\/chocolate-escuro-99-cacau-80grs-vivani\/"]}]},{"@type":"ImageObject","inLanguage":"pt-PT","@id":"https:\/\/www.biocabaz.pt\/web\/produto\/chocolate-escuro-99-cacau-80grs-vivani\/#primaryimage","url":"https:\/\/www.biocabaz.pt\/web\/wp-conteudos\/uploads\/2016\/07\/CHOCOLATE-ESCURO-99-CACAU-80GRS-VIVANI-e1545922462118.jpg","contentUrl":"https:\/\/www.biocabaz.pt\/web\/wp-conteudos\/uploads\/2016\/07\/CHOCOLATE-ESCURO-99-CACAU-80GRS-VIVANI-e1545922462118.jpg","width":600,"height":600,"caption":"CHOCOLATE ESCURO 99% CACAU 80GRS VIVANI"},{"@type":"BreadcrumbList","@id":"https:\/\/www.biocabaz.pt\/web\/produto\/chocolate-escuro-99-cacau-80grs-vivani\/#breadcrumb","itemListElement":[{"@type":"ListItem","position":1,"name":"Home","item":"https:\/\/biocabaz.pt\/web\/en\/"},{"@type":"ListItem","position":2,"name":"Shop","item":"https:\/\/biocabaz.pt\/web\/en\/shop\/"},{"@type":"ListItem","position":3,"name":"CHOCOLATE ESCURO BIO 99% CACAU 80GRS VIVANI"}]},{"@type":"WebSite","@id":"https:\/\/biocabaz.pt\/web\/en\/#website","url":"https:\/\/biocabaz.pt\/web\/en\/","name":"BIOCABAZ - CABAZES BIOL\u00d3GICOS","description":"O melhor que a terra d\u00e1 \u00e9 para si","potentialAction":[{"@type":"SearchAction","target":{"@type":"EntryPoint","urlTemplate":"https:\/\/biocabaz.pt\/web\/en\/?s={search_term_string}"},"query-input":{"@type":"PropertyValueSpecification","valueRequired":true,"valueName":"search_term_string"}}],"inLanguage":"pt-PT"}]}},"_links":{"self":[{"href":"https:\/\/www.biocabaz.pt\/web\/wp-json\/wp\/v2\/product\/1897","targetHints":{"allow":["GET"]}}],"collection":[{"href":"https:\/\/www.biocabaz.pt\/web\/wp-json\/wp\/v2\/product"}],"about":[{"href":"https:\/\/www.biocabaz.pt\/web\/wp-json\/wp\/v2\/types\/product"}],"replies":[{"embeddable":true,"href":"https:\/\/www.biocabaz.pt\/web\/wp-json\/wp\/v2\/comments?post=1897"}],"wp:featuredmedia":[{"embeddable":true,"href":"https:\/\/www.biocabaz.pt\/web\/wp-json\/wp\/v2\/media\/11327"}],"wp:attachment":[{"href":"https:\/\/www.biocabaz.pt\/web\/wp-json\/wp\/v2\/media?parent=1897"}],"wp:term":[{"taxonomy":"product_cat","embeddable":true,"href":"https:\/\/www.biocabaz.pt\/web\/wp-json\/wp\/v2\/product_cat?post=1897"},{"taxonomy":"product_tag","embeddable":true,"href":"https:\/\/www.biocabaz.pt\/web\/wp-json\/wp\/v2\/product_tag?post=1897"}],"curies":[{"name":"wp","href":"https:\/\/api.w.org\/{rel}","templated":true}]}}